NOAA-Style Climate Reports
Select a Year or Month report
2024: Jan Feb Mar Apr May Jun Jul Aug Sep Oct Nov Dec
2023: Jan Feb Mar Apr May Jun Jul Aug Sep Oct Nov Dec
2022: Jan Feb Mar Apr May Jun Jul Aug Sep Oct Nov Dec
2021: Jan Feb Mar Apr May Jun Jul Aug Sep Oct Nov Dec
2020: Jan Feb Mar Apr May Jun Jul Aug Sep Oct Nov Dec
2019: Jan Feb Mar Apr May Jun Jul Aug Sep Oct Nov Dec
2018: Jan Feb Mar Apr May Jun Jul Aug Sep Oct Nov Dec
2017: Jan Feb Mar Apr May Jun Jul Aug Sep Oct Nov Dec
2016: Jan Feb Mar Apr May Jun Jul Aug Sep Oct Nov Dec
2015: Jan Feb Mar Apr May Jun Jul Aug Sep Oct Nov Dec
2014: Jan Feb Mar Apr May Jun Jul Aug Sep Oct Nov Dec
2013: Jan Feb Mar Apr May Jun Jul Aug Sep Oct Nov Dec
2012: Jan Feb Mar Apr May Jun Jul Aug Sep Oct Nov Dec
2011: Jan Feb Mar Apr May Jun Jul Aug Sep Oct Nov Dec
2010: Jan Feb Mar Apr May Jun Jul Aug Sep Oct Nov Dec
2009: Jan Feb Mar Apr May Jun Jul Aug Sep Oct Nov Dec
2008: Jan Feb Mar Apr May Jun Jul Aug Sep Oct Nov Dec
2007: Jan Feb Mar Apr May Jun Jul Aug Sep Oct Nov Dec
2006: Jan Feb Mar Apr May Jun Jul Aug Sep Oct Nov Dec
2005: Jan Feb Mar Apr May Jun Jul Aug Sep Oct Nov Dec
2004: Jan Feb Mar Apr May Jun Jul Aug Sep Oct Nov Dec
2024: Jan Feb Mar Apr May Jun Jul Aug Sep Oct Nov Dec
2023: Jan Feb Mar Apr May Jun Jul Aug Sep Oct Nov Dec
2022: Jan Feb Mar Apr May Jun Jul Aug Sep Oct Nov Dec
2021: Jan Feb Mar Apr May Jun Jul Aug Sep Oct Nov Dec
2020: Jan Feb Mar Apr May Jun Jul Aug Sep Oct Nov Dec
2019: Jan Feb Mar Apr May Jun Jul Aug Sep Oct Nov Dec
2018: Jan Feb Mar Apr May Jun Jul Aug Sep Oct Nov Dec
2017: Jan Feb Mar Apr May Jun Jul Aug Sep Oct Nov Dec
2016: Jan Feb Mar Apr May Jun Jul Aug Sep Oct Nov Dec
2015: Jan Feb Mar Apr May Jun Jul Aug Sep Oct Nov Dec
2014: Jan Feb Mar Apr May Jun Jul Aug Sep Oct Nov Dec
2013: Jan Feb Mar Apr May Jun Jul Aug Sep Oct Nov Dec
2012: Jan Feb Mar Apr May Jun Jul Aug Sep Oct Nov Dec
2011: Jan Feb Mar Apr May Jun Jul Aug Sep Oct Nov Dec
2010: Jan Feb Mar Apr May Jun Jul Aug Sep Oct Nov Dec
2009: Jan Feb Mar Apr May Jun Jul Aug Sep Oct Nov Dec
2008: Jan Feb Mar Apr May Jun Jul Aug Sep Oct Nov Dec
2007: Jan Feb Mar Apr May Jun Jul Aug Sep Oct Nov Dec
2006: Jan Feb Mar Apr May Jun Jul Aug Sep Oct Nov Dec
2005: Jan Feb Mar Apr May Jun Jul Aug Sep Oct Nov Dec
2004: Jan Feb Mar Apr May Jun Jul Aug Sep Oct Nov Dec
Report for 2014 November
Monthly Climatological Summary for Nov 2014 Name: Willand City: Willand State: Devon, UK (9am GMT end of day) Elevation: 79 m Lat: N 50° 53' 03" Lon: W 003° 22' 25" Temperature (°C), Rain (mm), Wind Speed (km/h) Heat Cool Avg Mean Deg Deg Wind Dom Day Temp High Time Low Time Days Days Rain Speed High Time Dir ---------------------------------------------------------------------------------- 1 14.0 16.4 12:34 11.4 09:00 1.5 0.0 7.8 11.7 47.4 21:00 SSW 2 9.9 16.3 12:18 5.8 06:19 5.6 0.0 2.8 7.7 52.4 23:50 SW 3 6.3 11.5 13:44 2.2 07:21 9.2 0.0 0.4 3.1 35.5 13:28 SSW 4 6.6 10.3 12:28 3.2 01:19 8.9 0.0 2.4 5.8 28.8 12:26 WNW 5 4.9 11.7 13:41 0.1 03:17 10.6 0.0 0.0 3.0 27.0 11:05 N 6 11.3 13.1 21:04 6.7 09:00 4.2 0.0 8.4 12.7 47.4 14:01 S 7 8.2 11.2 08:13 5.5 23:25 7.3 0.0 7.8 9.6 47.4 08:57 SW 8 6.0 11.9 12:39 0.0 06:15 9.5 0.0 5.8 5.7 40.5 11:24 SW 9 6.7 13.1 13:49 2.7 09:00 8.8 0.0 0.4 3.0 16.9 13:02 SSW 10 11.1 12.7 18:01 6.6 09:00 4.4 0.0 18.6 14.4 55.8 01:37 SSE 11 10.8 12.6 10:50 8.1 05:52 4.7 0.0 23.0 12.9 47.4 17:18 SSE 12 9.8 12.8 12:55 7.1 22:40 5.7 0.0 0.2 8.0 55.8 08:41 SSE 13 12.2 13.7 13:46 8.7 08:19 3.3 0.0 13.6 17.3 79.4 11:56 SSE 14 8.9 13.6 11:52 3.4 06:26 6.6 0.0 11.4 6.5 43.9 20:30 SSE 15 9.3 11.5 13:13 6.0 09:14 6.2 0.0 19.6 5.6 18.6 06:07 NE 16 9.3 10.4 14:19 8.1 02:33 6.2 0.0 2.2 5.9 23.6 09:51 N 17 8.4 10.2 12:07 7.0 03:52 7.1 0.0 2.8 9.7 30.4 16:42 NNE 18 8.2 11.3 14:02 5.3 20:22 7.3 0.0 0.2 7.3 23.6 14:42 ENE 19 10.7 12.4 11:30 9.2 08:25 4.8 0.0 2.4 7.9 35.5 10:55 ESE 20 8.7 10.6 14:05 7.4 01:54 6.8 0.0 1.0 7.3 25.3 00:27 NE 21 12.0 13.3 03:39 8.7 09:00 3.5 0.0 10.2 8.5 30.4 02:18 SE 22 10.4 13.9 13:33 7.3 07:27 5.1 0.0 2.2 3.5 21.9 03:11 WNW 23 3.4 9.6 13:15 -1.4 06:32 12.1 0.0 0.0 3.6 25.3 13:19 NNW 24 2.7 8.6 13:51 -0.7 09:00 12.8 0.0 0.2 4.1 27.0 06:32 N 25 5.7 6.6 08:44 4.0 09:48 9.8 0.0 3.0 7.0 23.6 15:18 NNE 26 5.7 8.2 14:36 1.1 05:01 9.8 0.0 0.2 1.8 15.2 11:18 NNW 27 8.5 11.1 03:49 1.7 09:00 7.0 0.0 0.2 10.6 38.8 02:06 E 28 9.5 11.3 12:30 7.2 06:44 6.0 0.0 0.0 9.6 30.4 13:07 NE 29 9.0 11.6 13:41 7.2 23:36 6.5 0.0 0.0 3.0 16.9 09:50 N 30 7.8 12.5 13:27 3.3 03:51 7.7 0.0 0.0 3.9 20.3 14:15 NNW ---------------------------------------------------------------------------------- 8.5 16.4 1 -1.4 23 209.0 0.0 146.8 7.4 79.4 13 SE Max >= 30.0: 0 Max <= 0.0: 0 Min <= 0.0: 3 Min <= -18.0: 0 Max Rain: 23.0 on day 11 Days of Rain: 25 (>= 0.2 mm) 18 (>= 1.0 mm) 0 (>= 25.0 mm) Heat Base: 15.5 Cool Base: 15.5 Method: Integration