NOAA-Style Climate Reports
Select a Year or Month report
2024: Jan Feb Mar Apr May Jun Jul Aug Sep Oct Nov Dec
2023: Jan Feb Mar Apr May Jun Jul Aug Sep Oct Nov Dec
2022: Jan Feb Mar Apr May Jun Jul Aug Sep Oct Nov Dec
2021: Jan Feb Mar Apr May Jun Jul Aug Sep Oct Nov Dec
2020: Jan Feb Mar Apr May Jun Jul Aug Sep Oct Nov Dec
2019: Jan Feb Mar Apr May Jun Jul Aug Sep Oct Nov Dec
2018: Jan Feb Mar Apr May Jun Jul Aug Sep Oct Nov Dec
2017: Jan Feb Mar Apr May Jun Jul Aug Sep Oct Nov Dec
2016: Jan Feb Mar Apr May Jun Jul Aug Sep Oct Nov Dec
2015: Jan Feb Mar Apr May Jun Jul Aug Sep Oct Nov Dec
2014: Jan Feb Mar Apr May Jun Jul Aug Sep Oct Nov Dec
2013: Jan Feb Mar Apr May Jun Jul Aug Sep Oct Nov Dec
2012: Jan Feb Mar Apr May Jun Jul Aug Sep Oct Nov Dec
2011: Jan Feb Mar Apr May Jun Jul Aug Sep Oct Nov Dec
2010: Jan Feb Mar Apr May Jun Jul Aug Sep Oct Nov Dec
2009: Jan Feb Mar Apr May Jun Jul Aug Sep Oct Nov Dec
2008: Jan Feb Mar Apr May Jun Jul Aug Sep Oct Nov Dec
2007: Jan Feb Mar Apr May Jun Jul Aug Sep Oct Nov Dec
2006: Jan Feb Mar Apr May Jun Jul Aug Sep Oct Nov Dec
2005: Jan Feb Mar Apr May Jun Jul Aug Sep Oct Nov Dec
2004: Jan Feb Mar Apr May Jun Jul Aug Sep Oct Nov Dec
2024: Jan Feb Mar Apr May Jun Jul Aug Sep Oct Nov Dec
2023: Jan Feb Mar Apr May Jun Jul Aug Sep Oct Nov Dec
2022: Jan Feb Mar Apr May Jun Jul Aug Sep Oct Nov Dec
2021: Jan Feb Mar Apr May Jun Jul Aug Sep Oct Nov Dec
2020: Jan Feb Mar Apr May Jun Jul Aug Sep Oct Nov Dec
2019: Jan Feb Mar Apr May Jun Jul Aug Sep Oct Nov Dec
2018: Jan Feb Mar Apr May Jun Jul Aug Sep Oct Nov Dec
2017: Jan Feb Mar Apr May Jun Jul Aug Sep Oct Nov Dec
2016: Jan Feb Mar Apr May Jun Jul Aug Sep Oct Nov Dec
2015: Jan Feb Mar Apr May Jun Jul Aug Sep Oct Nov Dec
2014: Jan Feb Mar Apr May Jun Jul Aug Sep Oct Nov Dec
2013: Jan Feb Mar Apr May Jun Jul Aug Sep Oct Nov Dec
2012: Jan Feb Mar Apr May Jun Jul Aug Sep Oct Nov Dec
2011: Jan Feb Mar Apr May Jun Jul Aug Sep Oct Nov Dec
2010: Jan Feb Mar Apr May Jun Jul Aug Sep Oct Nov Dec
2009: Jan Feb Mar Apr May Jun Jul Aug Sep Oct Nov Dec
2008: Jan Feb Mar Apr May Jun Jul Aug Sep Oct Nov Dec
2007: Jan Feb Mar Apr May Jun Jul Aug Sep Oct Nov Dec
2006: Jan Feb Mar Apr May Jun Jul Aug Sep Oct Nov Dec
2005: Jan Feb Mar Apr May Jun Jul Aug Sep Oct Nov Dec
2004: Jan Feb Mar Apr May Jun Jul Aug Sep Oct Nov Dec
Report for 2013 May
Monthly Climatological Summary for May 2013 Name: Willand City: Willand State: Devon, UK (9am GMT end of day) Elevation: 79 m Lat: N 50° 53' 03" Lon: W 003° 22' 25" Temperature (°C), Rain (mm), Wind Speed (km/h) Heat Cool Avg Mean Deg Deg Wind Dom Day Temp High Time Low Time Days Days Rain Speed High Time Dir ---------------------------------------------------------------------------------- 1 10.9 16.6 16:00 4.9 01:30 4.6 0.0 0.0 6.8 31.6 13:40 N 2 11.4 18.7 16:40 3.8 04:00 4.1 0.0 0.0 4.2 21.3 12:50 NNW 3 10.8 15.5 14:40 6.8 00:50 4.7 0.0 0.4 9.1 35.2 09:00 WSW 4 12.2 15.3 14:30 10.3 22:40 3.3 0.0 0.0 11.0 40.7 12:10 W 5 11.5 20.8 17:00 3.6 05:20 4.0 0.0 0.0 3.9 21.3 12:10 S 6 12.1 19.3 15:10 4.8 05:50 3.4 0.0 0.0 3.6 17.7 12:40 SSE 7 15.5 21.0 13:00 11.2 00:50 0.0 0.0 5.8 12.1 42.3 23:20 SE 8 10.3 16.1 13:20 5.4 02:40 5.2 0.0 1.4 10.3 40.7 09:30 SW 9 10.4 13.8 12:40 9.2 05:50 5.1 0.0 2.4 20.0 51.6 10:30 WSW 10 9.5 15.5 13:10 4.7 01:30 6.0 0.0 4.4 10.4 38.7 10:30 WSW 11 8.7 12.2 12:30 4.7 04:20 6.8 0.0 1.6 11.6 40.7 17:50 W 12 11.0 13.3 14:30 8.6 06:20 4.5 0.0 0.0 11.0 38.7 17:10 WSW 13 8.9 13.1 15:50 5.9 06:00 6.6 0.0 0.8 8.4 49.5 16:30 WSW 14 7.0 9.7 09:50 4.1 01:10 8.5 0.0 17.6 14.3 49.5 18:40 WSW 15 7.5 13.2 16:20 1.3 04:30 8.0 0.0 0.0 7.5 38.7 11:40 WNW 16 8.6 15.2 17:10 0.9 05:20 6.9 0.0 0.0 4.7 23.0 12:30 SE 17 8.5 15.1 11:40 3.0 05:50 7.0 0.0 16.8 3.5 23.0 10:30 N 18 11.4 17.5 15:00 6.4 01:40 4.1 0.0 0.0 7.3 31.6 16:30 WNW 19 12.4 19.7 17:40 6.1 05:50 3.1 0.0 0.0 6.5 28.5 19:30 NW 20 13.9 17.6 18:30 11.7 05:40 1.6 0.0 0.0 7.4 21.3 12:10 WNW 21 11.7 16.0 17:00 6.8 01:50 3.8 0.0 0.0 5.9 24.9 09:10 WNW 22 10.3 16.3 14:20 5.4 01:40 5.2 0.0 0.2 11.0 42.3 09:50 NW 23 8.3 12.5 16:00 5.2 05:10 7.2 0.0 0.8 14.8 58.6 15:50 NW 24 8.4 12.4 14:40 3.7 06:00 7.1 0.0 0.6 11.7 51.6 12:00 NNW 25 9.8 17.5 16:00 1.0 05:40 5.7 0.0 0.0 3.0 19.4 11:30 NNW 26 10.9 18.7 14:00 2.3 05:50 4.6 0.0 0.0 4.6 33.7 09:10 SW 27 9.7 14.7 11:50 7.3 05:10 5.8 0.0 9.4 6.9 40.7 11:20 S 28 9.2 12.5 14:40 7.3 04:00 6.3 0.0 4.6 7.1 30.1 15:20 WNW 29 13.2 15.8 09:50 10.5 04:50 2.3 0.0 0.2 7.5 28.5 20:00 NW 30 14.3 19.0 15:20 9.0 05:40 1.2 0.0 0.2 6.6 30.1 10:00 NNW 31 15.4 23.0 15:50 9.0 04:50 0.1 0.0 0.0 8.2 37.3 17:30 NW ---------------------------------------------------------------------------------- 10.8 23.0 31 0.9 16 146.8 0.0 67.2 8.4 58.6 23 W Max >= 30.0: 0 Max <= 0.0: 0 Min <= 0.0: 0 Min <= -18.0: 0 Max Rain: 17.6 on day 14 Days of Rain: 16 (>= 0.2 mm) 9 (>= 1.0 mm) 0 (>= 25.0 mm) Heat Base: 15.5 Cool Base: 15.5 Method: Integration