NOAA-Style Climate Reports
Select a Year or Month report
2024: Jan Feb Mar Apr May Jun Jul Aug Sep Oct Nov Dec
2023: Jan Feb Mar Apr May Jun Jul Aug Sep Oct Nov Dec
2022: Jan Feb Mar Apr May Jun Jul Aug Sep Oct Nov Dec
2021: Jan Feb Mar Apr May Jun Jul Aug Sep Oct Nov Dec
2020: Jan Feb Mar Apr May Jun Jul Aug Sep Oct Nov Dec
2019: Jan Feb Mar Apr May Jun Jul Aug Sep Oct Nov Dec
2018: Jan Feb Mar Apr May Jun Jul Aug Sep Oct Nov Dec
2017: Jan Feb Mar Apr May Jun Jul Aug Sep Oct Nov Dec
2016: Jan Feb Mar Apr May Jun Jul Aug Sep Oct Nov Dec
2015: Jan Feb Mar Apr May Jun Jul Aug Sep Oct Nov Dec
2014: Jan Feb Mar Apr May Jun Jul Aug Sep Oct Nov Dec
2013: Jan Feb Mar Apr May Jun Jul Aug Sep Oct Nov Dec
2012: Jan Feb Mar Apr May Jun Jul Aug Sep Oct Nov Dec
2011: Jan Feb Mar Apr May Jun Jul Aug Sep Oct Nov Dec
2010: Jan Feb Mar Apr May Jun Jul Aug Sep Oct Nov Dec
2009: Jan Feb Mar Apr May Jun Jul Aug Sep Oct Nov Dec
2008: Jan Feb Mar Apr May Jun Jul Aug Sep Oct Nov Dec
2007: Jan Feb Mar Apr May Jun Jul Aug Sep Oct Nov Dec
2006: Jan Feb Mar Apr May Jun Jul Aug Sep Oct Nov Dec
2005: Jan Feb Mar Apr May Jun Jul Aug Sep Oct Nov Dec
2004: Jan Feb Mar Apr May Jun Jul Aug Sep Oct Nov Dec
2024: Jan Feb Mar Apr May Jun Jul Aug Sep Oct Nov Dec
2023: Jan Feb Mar Apr May Jun Jul Aug Sep Oct Nov Dec
2022: Jan Feb Mar Apr May Jun Jul Aug Sep Oct Nov Dec
2021: Jan Feb Mar Apr May Jun Jul Aug Sep Oct Nov Dec
2020: Jan Feb Mar Apr May Jun Jul Aug Sep Oct Nov Dec
2019: Jan Feb Mar Apr May Jun Jul Aug Sep Oct Nov Dec
2018: Jan Feb Mar Apr May Jun Jul Aug Sep Oct Nov Dec
2017: Jan Feb Mar Apr May Jun Jul Aug Sep Oct Nov Dec
2016: Jan Feb Mar Apr May Jun Jul Aug Sep Oct Nov Dec
2015: Jan Feb Mar Apr May Jun Jul Aug Sep Oct Nov Dec
2014: Jan Feb Mar Apr May Jun Jul Aug Sep Oct Nov Dec
2013: Jan Feb Mar Apr May Jun Jul Aug Sep Oct Nov Dec
2012: Jan Feb Mar Apr May Jun Jul Aug Sep Oct Nov Dec
2011: Jan Feb Mar Apr May Jun Jul Aug Sep Oct Nov Dec
2010: Jan Feb Mar Apr May Jun Jul Aug Sep Oct Nov Dec
2009: Jan Feb Mar Apr May Jun Jul Aug Sep Oct Nov Dec
2008: Jan Feb Mar Apr May Jun Jul Aug Sep Oct Nov Dec
2007: Jan Feb Mar Apr May Jun Jul Aug Sep Oct Nov Dec
2006: Jan Feb Mar Apr May Jun Jul Aug Sep Oct Nov Dec
2005: Jan Feb Mar Apr May Jun Jul Aug Sep Oct Nov Dec
2004: Jan Feb Mar Apr May Jun Jul Aug Sep Oct Nov Dec
Report for 2013 April
Monthly Climatological Summary for Apr 2013 Name: Willand City: Willand State: Devon, UK (9am GMT end of day) Elevation: 79 m Lat: N 50° 53' 03" Lon: W 003° 22' 25" Temperature (°C), Rain (mm), Wind Speed (km/h) Heat Cool Avg Mean Deg Deg Wind Dom Day Temp High Time Low Time Days Days Rain Speed High Time Dir ---------------------------------------------------------------------------------- 1 1.5 4.6 16:10 -2.0 06:40 14.0 0.0 0.0 13.6 33.7 13:30 NE 2 3.4 9.2 14:30 -2.1 06:50 12.1 0.0 0.0 11.6 31.6 12:20 NE 3 3.9 16.5 17:50 -0.1 04:20 11.6 0.0 0.8 17.4 42.3 14:50 NNE 4 2.6 5.0 12:00 0.4 07:10 12.9 0.0 0.0 17.7 47.8 22:10 NNE 5 3.6 8.6 16:10 -2.3 06:40 11.9 0.0 0.0 10.2 45.9 11:00 N 6 3.7 10.7 15:50 -2.5 06:20 11.8 0.0 0.0 3.6 26.5 09:40 NE 7 5.1 8.8 13:20 3.4 02:30 10.4 0.0 0.0 13.1 38.7 14:40 ESE 8 5.0 7.4 11:20 3.4 05:40 10.5 0.0 2.4 11.3 31.6 03:30 ENE 9 5.5 8.8 09:50 2.0 07:10 10.0 0.0 0.0 5.3 28.5 10:00 NNE 10 7.2 10.0 10:30 5.8 05:10 8.3 0.0 5.6 9.3 33.7 14:10 E 11 8.9 13.5 16:00 5.9 06:40 6.6 0.0 7.2 7.7 35.2 08:40 S 12 7.2 12.6 16:20 1.8 05:10 8.3 0.0 0.4 8.3 33.7 11:00 W 13 11.1 12.1 04:50 8.2 10:00 4.4 0.0 4.8 14.1 49.5 04:10 S 14 11.5 14.0 13:20 9.6 02:50 4.0 0.0 0.0 9.9 30.1 17:10 SSW 15 11.7 14.9 12:40 9.6 02:00 3.8 0.0 0.6 12.1 33.7 18:40 SSW 16 12.4 17.1 16:00 9.4 01:10 3.1 0.0 0.2 10.6 38.7 12:00 SW 17 10.8 14.1 14:30 7.9 03:30 4.7 0.0 0.0 16.8 47.8 09:50 SW 18 9.3 13.7 16:10 7.0 23:40 6.2 0.0 0.4 17.0 44.4 15:10 W 19 7.3 14.2 14:40 -0.2 06:20 8.2 0.0 0.0 6.4 31.6 17:00 WNW 20 7.0 15.0 16:00 -0.4 06:20 8.5 0.0 0.0 3.7 17.7 13:50 S 21 8.1 11.3 14:00 5.2 02:50 7.4 0.0 1.2 4.2 19.4 14:10 SW 22 10.3 12.6 14:20 7.0 06:20 5.2 0.0 0.2 8.4 28.5 15:10 WSW 23 11.9 17.5 14:30 8.4 04:20 3.6 0.0 0.0 6.6 23.0 10:20 W 24 12.7 18.4 14:40 8.4 06:10 2.8 0.0 0.0 3.5 15.8 13:10 SW 25 10.0 15.2 16:20 5.8 06:50 5.5 0.0 3.0 8.1 28.5 09:10 WNW 26 7.4 12.1 15:50 3.4 06:20 8.1 0.0 0.0 12.4 38.7 13:40 NW 27 7.1 13.2 16:40 2.0 02:40 8.4 0.0 0.0 8.5 38.7 14:40 N 28 8.5 12.6 14:20 4.6 06:40 7.0 0.0 0.6 8.9 30.1 09:40 WSW 29 8.0 13.8 16:30 1.6 06:00 7.5 0.0 0.2 8.6 35.2 14:30 WNW 30 8.8 15.2 15:10 1.2 05:50 6.7 0.0 0.0 6.1 28.5 12:30 NNE ---------------------------------------------------------------------------------- 7.7 18.4 24 -2.5 6 233.5 0.0 27.6 9.8 49.5 13 WNW Max >= 30.0: 0 Max <= 0.0: 0 Min <= 0.0: 7 Min <= -18.0: 0 Max Rain: 7.2 on day 11 Days of Rain: 14 (>= 0.2 mm) 6 (>= 1.0 mm) 0 (>= 25.0 mm) Heat Base: 15.5 Cool Base: 15.5 Method: Integration