NOAA-Style Climate Reports
Select a Year or Month report
2024: Jan Feb Mar Apr May Jun Jul Aug Sep Oct Nov Dec
2023: Jan Feb Mar Apr May Jun Jul Aug Sep Oct Nov Dec
2022: Jan Feb Mar Apr May Jun Jul Aug Sep Oct Nov Dec
2021: Jan Feb Mar Apr May Jun Jul Aug Sep Oct Nov Dec
2020: Jan Feb Mar Apr May Jun Jul Aug Sep Oct Nov Dec
2019: Jan Feb Mar Apr May Jun Jul Aug Sep Oct Nov Dec
2018: Jan Feb Mar Apr May Jun Jul Aug Sep Oct Nov Dec
2017: Jan Feb Mar Apr May Jun Jul Aug Sep Oct Nov Dec
2016: Jan Feb Mar Apr May Jun Jul Aug Sep Oct Nov Dec
2015: Jan Feb Mar Apr May Jun Jul Aug Sep Oct Nov Dec
2014: Jan Feb Mar Apr May Jun Jul Aug Sep Oct Nov Dec
2013: Jan Feb Mar Apr May Jun Jul Aug Sep Oct Nov Dec
2012: Jan Feb Mar Apr May Jun Jul Aug Sep Oct Nov Dec
2011: Jan Feb Mar Apr May Jun Jul Aug Sep Oct Nov Dec
2010: Jan Feb Mar Apr May Jun Jul Aug Sep Oct Nov Dec
2009: Jan Feb Mar Apr May Jun Jul Aug Sep Oct Nov Dec
2008: Jan Feb Mar Apr May Jun Jul Aug Sep Oct Nov Dec
2007: Jan Feb Mar Apr May Jun Jul Aug Sep Oct Nov Dec
2006: Jan Feb Mar Apr May Jun Jul Aug Sep Oct Nov Dec
2005: Jan Feb Mar Apr May Jun Jul Aug Sep Oct Nov Dec
2004: Jan Feb Mar Apr May Jun Jul Aug Sep Oct Nov Dec
2024: Jan Feb Mar Apr May Jun Jul Aug Sep Oct Nov Dec
2023: Jan Feb Mar Apr May Jun Jul Aug Sep Oct Nov Dec
2022: Jan Feb Mar Apr May Jun Jul Aug Sep Oct Nov Dec
2021: Jan Feb Mar Apr May Jun Jul Aug Sep Oct Nov Dec
2020: Jan Feb Mar Apr May Jun Jul Aug Sep Oct Nov Dec
2019: Jan Feb Mar Apr May Jun Jul Aug Sep Oct Nov Dec
2018: Jan Feb Mar Apr May Jun Jul Aug Sep Oct Nov Dec
2017: Jan Feb Mar Apr May Jun Jul Aug Sep Oct Nov Dec
2016: Jan Feb Mar Apr May Jun Jul Aug Sep Oct Nov Dec
2015: Jan Feb Mar Apr May Jun Jul Aug Sep Oct Nov Dec
2014: Jan Feb Mar Apr May Jun Jul Aug Sep Oct Nov Dec
2013: Jan Feb Mar Apr May Jun Jul Aug Sep Oct Nov Dec
2012: Jan Feb Mar Apr May Jun Jul Aug Sep Oct Nov Dec
2011: Jan Feb Mar Apr May Jun Jul Aug Sep Oct Nov Dec
2010: Jan Feb Mar Apr May Jun Jul Aug Sep Oct Nov Dec
2009: Jan Feb Mar Apr May Jun Jul Aug Sep Oct Nov Dec
2008: Jan Feb Mar Apr May Jun Jul Aug Sep Oct Nov Dec
2007: Jan Feb Mar Apr May Jun Jul Aug Sep Oct Nov Dec
2006: Jan Feb Mar Apr May Jun Jul Aug Sep Oct Nov Dec
2005: Jan Feb Mar Apr May Jun Jul Aug Sep Oct Nov Dec
2004: Jan Feb Mar Apr May Jun Jul Aug Sep Oct Nov Dec
Report for 2012 March
Monthly Climatological Summary for Mar 2012 Name: Willand City: Willand State: Devon, UK (9am GMT end of day) Elevation: 79 m Lat: N 50° 53' 03" Lon: W 003° 22' 25" Temperature (°C), Rain (mm), Wind Speed (km/h) Heat Cool Avg Mean Deg Deg Wind Dom Day Temp High Time Low Time Days Days Rain Speed High Time Dir ---------------------------------------------------------------------------------- 1 6.8 14.1 14:20 2.4 01:40 8.7 0.0 0.0 1.4 8.8 15:50 NNE 2 8.8 13.3 14:10 5.2 09:00 6.7 0.0 0.8 7.7 32.0 05:40 SSE 3 8.5 13.6 14:30 4.9 08:40 7.0 0.0 8.6 7.5 44.2 12:30 SW 4 4.8 7.8 14:40 2.2 02:10 10.7 0.0 0.4 12.9 47.8 14:10 WNW 5 4.3 9.4 12:10 -1.1 06:50 11.2 0.0 0.2 9.9 35.4 10:50 WNW 6 8.0 12.0 12:50 2.0 09:00 7.5 0.0 1.0 6.4 28.3 06:50 SSW 7 5.8 11.4 10:30 1.3 03:40 9.7 0.0 0.8 11.7 61.9 12:20 W 8 8.9 11.9 14:30 6.4 09:00 6.6 0.0 0.0 7.0 30.1 12:30 WSW 9 10.1 12.5 14:30 8.8 23:50 5.4 0.0 0.2 7.3 28.3 12:20 WSW 10 9.5 13.5 13:50 6.6 04:30 6.0 0.0 0.0 6.0 24.9 16:00 W 11 7.5 14.7 14:10 1.6 05:20 8.0 0.0 0.0 1.4 10.6 16:20 N 12 7.4 12.8 14:10 3.8 03:50 8.1 0.0 0.2 4.4 15.8 17:10 N 13 7.0 9.0 16:40 5.4 04:30 8.5 0.0 0.0 1.7 12.4 08:30 ESE 14 6.8 8.9 14:50 5.9 22:30 8.7 0.0 0.2 4.0 17.7 13:10 SE 15 8.2 10.7 14:40 6.2 06:20 7.3 0.0 0.0 4.2 15.8 21:30 SW 16 8.5 9.6 14:30 6.2 06:50 7.0 0.0 2.8 4.9 24.9 03:30 S 17 4.7 11.6 13:30 -0.9 06:30 10.8 0.0 2.4 2.9 26.5 14:10 SSW 18 4.5 11.2 13:30 -2.0 06:40 11.0 0.0 0.2 4.4 30.1 16:00 NNW 19 7.2 13.1 13:20 3.0 22:00 8.3 0.0 0.0 4.0 24.9 13:40 W 20 8.7 11.1 15:00 5.9 06:50 6.8 0.0 0.0 3.7 19.6 12:50 WNW 21 9.2 14.7 15:10 5.1 21:50 6.3 0.0 0.0 7.3 24.9 14:40 NNE 22 10.2 17.6 14:00 3.3 06:00 5.3 0.0 0.2 5.6 30.1 12:10 ESE 23 9.2 16.9 13:10 3.2 05:20 6.3 0.0 0.0 3.7 21.2 13:30 SSE 24 10.9 20.2 13:20 3.2 06:30 4.6 0.0 0.0 5.4 28.3 13:40 ESE 25 10.5 19.6 15:40 3.9 07:10 5.0 0.0 0.0 5.0 21.2 16:20 NNE 26 11.3 20.8 15:40 4.3 07:00 4.2 0.0 0.0 5.4 19.6 15:40 NNE 27 10.5 19.8 16:00 2.8 07:00 5.0 0.0 0.0 4.0 19.6 14:00 NE 28 11.7 21.8 16:00 3.0 06:50 3.8 0.0 0.0 3.2 14.3 11:40 N 29 11.4 20.7 15:40 2.4 07:20 4.1 0.0 0.0 4.1 23.0 12:40 N 30 10.3 18.6 16:10 4.4 01:30 5.2 0.0 0.0 3.5 17.7 17:30 W 31 8.1 11.9 16:30 0.6 07:20 7.4 0.0 0.0 5.7 23.0 17:50 NNE ---------------------------------------------------------------------------------- 8.4 21.8 28 -2.0 18 221.2 0.0 18.0 5.4 61.9 7 WNW Max >= 30.0: 0 Max <= 0.0: 0 Min <= 0.0: 3 Min <= -18.0: 0 Max Rain: 8.6 on day 3 Days of Rain: 13 (>= 0.2 mm) 4 (>= 1.0 mm) 0 (>= 25.0 mm) Heat Base: 15.5 Cool Base: 15.5 Method: Integration