NOAA-Style Climate Reports
Select a Year or Month report
2024: Jan Feb Mar Apr May Jun Jul Aug Sep Oct Nov Dec
2023: Jan Feb Mar Apr May Jun Jul Aug Sep Oct Nov Dec
2022: Jan Feb Mar Apr May Jun Jul Aug Sep Oct Nov Dec
2021: Jan Feb Mar Apr May Jun Jul Aug Sep Oct Nov Dec
2020: Jan Feb Mar Apr May Jun Jul Aug Sep Oct Nov Dec
2019: Jan Feb Mar Apr May Jun Jul Aug Sep Oct Nov Dec
2018: Jan Feb Mar Apr May Jun Jul Aug Sep Oct Nov Dec
2017: Jan Feb Mar Apr May Jun Jul Aug Sep Oct Nov Dec
2016: Jan Feb Mar Apr May Jun Jul Aug Sep Oct Nov Dec
2015: Jan Feb Mar Apr May Jun Jul Aug Sep Oct Nov Dec
2014: Jan Feb Mar Apr May Jun Jul Aug Sep Oct Nov Dec
2013: Jan Feb Mar Apr May Jun Jul Aug Sep Oct Nov Dec
2012: Jan Feb Mar Apr May Jun Jul Aug Sep Oct Nov Dec
2011: Jan Feb Mar Apr May Jun Jul Aug Sep Oct Nov Dec
2010: Jan Feb Mar Apr May Jun Jul Aug Sep Oct Nov Dec
2009: Jan Feb Mar Apr May Jun Jul Aug Sep Oct Nov Dec
2008: Jan Feb Mar Apr May Jun Jul Aug Sep Oct Nov Dec
2007: Jan Feb Mar Apr May Jun Jul Aug Sep Oct Nov Dec
2006: Jan Feb Mar Apr May Jun Jul Aug Sep Oct Nov Dec
2005: Jan Feb Mar Apr May Jun Jul Aug Sep Oct Nov Dec
2004: Jan Feb Mar Apr May Jun Jul Aug Sep Oct Nov Dec
2024: Jan Feb Mar Apr May Jun Jul Aug Sep Oct Nov Dec
2023: Jan Feb Mar Apr May Jun Jul Aug Sep Oct Nov Dec
2022: Jan Feb Mar Apr May Jun Jul Aug Sep Oct Nov Dec
2021: Jan Feb Mar Apr May Jun Jul Aug Sep Oct Nov Dec
2020: Jan Feb Mar Apr May Jun Jul Aug Sep Oct Nov Dec
2019: Jan Feb Mar Apr May Jun Jul Aug Sep Oct Nov Dec
2018: Jan Feb Mar Apr May Jun Jul Aug Sep Oct Nov Dec
2017: Jan Feb Mar Apr May Jun Jul Aug Sep Oct Nov Dec
2016: Jan Feb Mar Apr May Jun Jul Aug Sep Oct Nov Dec
2015: Jan Feb Mar Apr May Jun Jul Aug Sep Oct Nov Dec
2014: Jan Feb Mar Apr May Jun Jul Aug Sep Oct Nov Dec
2013: Jan Feb Mar Apr May Jun Jul Aug Sep Oct Nov Dec
2012: Jan Feb Mar Apr May Jun Jul Aug Sep Oct Nov Dec
2011: Jan Feb Mar Apr May Jun Jul Aug Sep Oct Nov Dec
2010: Jan Feb Mar Apr May Jun Jul Aug Sep Oct Nov Dec
2009: Jan Feb Mar Apr May Jun Jul Aug Sep Oct Nov Dec
2008: Jan Feb Mar Apr May Jun Jul Aug Sep Oct Nov Dec
2007: Jan Feb Mar Apr May Jun Jul Aug Sep Oct Nov Dec
2006: Jan Feb Mar Apr May Jun Jul Aug Sep Oct Nov Dec
2005: Jan Feb Mar Apr May Jun Jul Aug Sep Oct Nov Dec
2004: Jan Feb Mar Apr May Jun Jul Aug Sep Oct Nov Dec
Report for 2010 December
Monthly Climatological Summary for Dec 2010 Name: Willand City: Willand State: Devon, UK (9am GMT end of day) Elevation: 79 m Lat: N 50° 53' 03" Lon: W 003° 22' 25" Temperature (°C), Rain (mm), Wind Speed (km/h) Heat Cool Avg Mean Deg Deg Wind Dom Day Temp High Time Low Time Days Days Rain Speed High Time Dir ---------------------------------------------------------------------------------- 1 -0.6 0.3 07:50 -1.9 20:20 16.1 0.0 0.0 14.7 36.6 11:50 N 2 -2.4 1.1 13:40 -8.9 07:30 17.9 0.0 0.0 8.8 30.6 11:50 N 3 0.1 3.6 21:30 -8.6 09:00 15.4 0.0 0.3 2.2 20.4 21:10 SSE 4 2.7 5.4 14:10 -1.4 08:20 12.8 0.0 1.5 1.1 10.2 11:00 SW 5 -0.4 5.6 13:50 -4.0 03:00 15.9 0.0 0.0 2.9 14.3 14:00 NNW 6 -3.2 -1.4 13:30 -5.1 08:20 18.7 0.0 0.0 6.6 16.3 09:20 N 7 -2.7 -1.0 06:10 -4.9 09:00 18.2 0.0 0.0 4.9 14.3 03:00 N 8 -2.5 2.2 13:00 -6.5 04:50 18.0 0.0 0.0 5.5 28.5 14:20 NNW 9 0.5 5.3 13:10 -4.7 09:00 15.0 0.0 0.0 1.8 10.2 12:30 S 10 5.7 7.6 14:00 1.8 09:00 9.8 0.0 0.0 6.9 22.4 00:30 WNW 11 5.2 7.2 11:40 1.0 08:10 10.3 0.0 0.0 2.8 14.3 11:30 NNW 12 2.0 6.3 14:10 -1.7 04:50 13.5 0.0 0.0 4.7 22.4 10:20 NNE 13 -1.2 2.3 13:00 -3.3 19:50 16.7 0.0 0.0 4.7 14.3 13:00 NNW 14 2.8 5.0 14:10 -1.9 09:00 12.7 0.0 0.0 3.2 18.4 13:00 NNW 15 4.7 7.2 14:20 0.9 09:00 10.8 0.0 0.0 8.2 26.5 03:40 WNW 16 1.8 7.8 12:30 -2.9 02:50 13.7 0.0 3.6 10.1 38.7 14:40 WNW 17 -1.3 2.6 14:30 -4.0 07:40 16.8 0.0 0.6 2.9 16.6 12:00 SSW 18 -5.1 1.2 13:10 -10.5 01:20 20.6 0.0 2.4 1.9 16.6 08:30 SSW 19 -3.8 -0.9 13:30 -6.8 22:40 19.3 0.0 0.0 8.6 27.7 11:20 N 20 -0.4 0.4 13:50 -2.7 09:30 15.9 0.0 0.0 6.7 16.6 09:10 N 21 -1.8 0.5 12:10 -4.4 02:20 17.3 0.0 0.3 2.4 13.0 12:30 NNW 22 -0.6 0.6 18:30 -4.2 09:10 16.1 0.0 0.0 6.7 31.3 18:30 N 23 -0.3 1.2 13:10 -4.5 08:10 15.8 0.0 0.0 8.6 16.6 10:40 N 24 -4.8 2.1 13:10 -10.4 08:40 20.3 0.0 0.3 3.4 16.6 13:00 NNW 25 -8.0 0.6 14:20 -12.4 01:20 23.5 0.0 0.0 0.9 9.4 19:00 NNW 26 0.8 3.8 08:40 -9.9 09:00 14.7 0.0 1.5 6.3 16.6 18:20 SSE 27 5.5 7.5 05:00 3.6 17:50 10.0 0.0 10.2 7.8 16.6 09:00 SSE 28 8.7 10.3 13:40 7.2 09:00 6.8 0.0 1.5 0.9 11.2 13:10 S 29 8.2 10.4 13:30 4.7 08:10 7.3 0.0 0.0 3.3 16.6 08:20 ENE 30 6.0 7.0 12:40 4.4 08:10 9.5 0.0 0.0 7.4 16.6 11:50 NE 31 4.6 4.9 14:30 4.1 11:50 10.9 0.0 0.0 4.4 14.8 09:00 ENE ---------------------------------------------------------------------------------- 0.7 10.4 29 -12.4 25 460.3 0.0 22.2 5.2 38.7 16 N Max >= 30.0: 0 Max <= 0.0: 3 Min <= 0.0: 23 Min <= -18.0: 0 Max Rain: 10.2 on day 27 Days of Rain: 10 (>= 0.2 mm) 6 (>= 1.0 mm) 0 (>= 25.0 mm) Heat Base: 15.5 Cool Base: 15.5 Method: Integration