NOAA-Style Climate Reports
Select a Year or Month report
2024: Jan Feb Mar Apr May Jun Jul Aug Sep Oct Nov Dec
2023: Jan Feb Mar Apr May Jun Jul Aug Sep Oct Nov Dec
2022: Jan Feb Mar Apr May Jun Jul Aug Sep Oct Nov Dec
2021: Jan Feb Mar Apr May Jun Jul Aug Sep Oct Nov Dec
2020: Jan Feb Mar Apr May Jun Jul Aug Sep Oct Nov Dec
2019: Jan Feb Mar Apr May Jun Jul Aug Sep Oct Nov Dec
2018: Jan Feb Mar Apr May Jun Jul Aug Sep Oct Nov Dec
2017: Jan Feb Mar Apr May Jun Jul Aug Sep Oct Nov Dec
2016: Jan Feb Mar Apr May Jun Jul Aug Sep Oct Nov Dec
2015: Jan Feb Mar Apr May Jun Jul Aug Sep Oct Nov Dec
2014: Jan Feb Mar Apr May Jun Jul Aug Sep Oct Nov Dec
2013: Jan Feb Mar Apr May Jun Jul Aug Sep Oct Nov Dec
2012: Jan Feb Mar Apr May Jun Jul Aug Sep Oct Nov Dec
2011: Jan Feb Mar Apr May Jun Jul Aug Sep Oct Nov Dec
2010: Jan Feb Mar Apr May Jun Jul Aug Sep Oct Nov Dec
2009: Jan Feb Mar Apr May Jun Jul Aug Sep Oct Nov Dec
2008: Jan Feb Mar Apr May Jun Jul Aug Sep Oct Nov Dec
2007: Jan Feb Mar Apr May Jun Jul Aug Sep Oct Nov Dec
2006: Jan Feb Mar Apr May Jun Jul Aug Sep Oct Nov Dec
2005: Jan Feb Mar Apr May Jun Jul Aug Sep Oct Nov Dec
2004: Jan Feb Mar Apr May Jun Jul Aug Sep Oct Nov Dec
2024: Jan Feb Mar Apr May Jun Jul Aug Sep Oct Nov Dec
2023: Jan Feb Mar Apr May Jun Jul Aug Sep Oct Nov Dec
2022: Jan Feb Mar Apr May Jun Jul Aug Sep Oct Nov Dec
2021: Jan Feb Mar Apr May Jun Jul Aug Sep Oct Nov Dec
2020: Jan Feb Mar Apr May Jun Jul Aug Sep Oct Nov Dec
2019: Jan Feb Mar Apr May Jun Jul Aug Sep Oct Nov Dec
2018: Jan Feb Mar Apr May Jun Jul Aug Sep Oct Nov Dec
2017: Jan Feb Mar Apr May Jun Jul Aug Sep Oct Nov Dec
2016: Jan Feb Mar Apr May Jun Jul Aug Sep Oct Nov Dec
2015: Jan Feb Mar Apr May Jun Jul Aug Sep Oct Nov Dec
2014: Jan Feb Mar Apr May Jun Jul Aug Sep Oct Nov Dec
2013: Jan Feb Mar Apr May Jun Jul Aug Sep Oct Nov Dec
2012: Jan Feb Mar Apr May Jun Jul Aug Sep Oct Nov Dec
2011: Jan Feb Mar Apr May Jun Jul Aug Sep Oct Nov Dec
2010: Jan Feb Mar Apr May Jun Jul Aug Sep Oct Nov Dec
2009: Jan Feb Mar Apr May Jun Jul Aug Sep Oct Nov Dec
2008: Jan Feb Mar Apr May Jun Jul Aug Sep Oct Nov Dec
2007: Jan Feb Mar Apr May Jun Jul Aug Sep Oct Nov Dec
2006: Jan Feb Mar Apr May Jun Jul Aug Sep Oct Nov Dec
2005: Jan Feb Mar Apr May Jun Jul Aug Sep Oct Nov Dec
2004: Jan Feb Mar Apr May Jun Jul Aug Sep Oct Nov Dec
Report for 2010 November
Monthly Climatological Summary for Nov 2010 Name: Willand City: Willand State: Devon, UK (9am GMT end of day) Elevation: 79 m Lat: N 50° 53' 03" Lon: W 003° 22' 25" Temperature (°C), Rain (mm), Wind Speed (km/h) Heat Cool Avg Mean Deg Deg Wind Dom Day Temp High Time Low Time Days Days Rain Speed High Time Dir ---------------------------------------------------------------------------------- 1 11.4 13.5 13:50 5.7 09:00 4.1 0.0 2.1 6.9 26.5 08:20 SW 2 13.7 16.0 13:50 11.7 07:50 1.8 0.0 0.3 14.5 38.7 18:00 WSW 3 14.7 16.1 12:40 12.6 09:00 0.8 0.0 0.6 14.6 34.7 23:10 WSW 4 15.5 18.2 12:50 14.6 01:00 0.0 0.0 0.6 13.7 34.7 17:00 WSW 5 16.0 17.0 12:00 15.0 09:00 0.0 0.5 0.0 13.4 24.4 12:20 WSW 6 5.4 7.0 21:20 3.5 02:00 10.1 0.0 0.3 4.2 22.4 01:10 WNW 7 6.1 9.7 13:20 3.3 18:30 9.4 0.0 7.8 8.5 48.8 02:10 S 8 7.7 10.4 13:30 5.8 21:10 7.8 0.0 2.1 10.1 36.6 05:50 N 9 6.0 7.5 14:30 1.3 08:00 9.5 0.0 7.5 13.1 38.7 12:20 N 10 6.4 12.8 08:50 0.7 22:10 9.1 0.0 10.5 7.6 34.7 04:50 SSW 11 11.2 14.1 11:10 9.6 02:00 4.3 0.0 1.5 23.5 53.0 15:00 WSW 12 10.3 13.6 16:40 7.2 08:50 5.2 0.0 8.7 9.7 44.8 16:30 SW 13 6.5 10.1 13:50 2.7 04:40 9.0 0.0 3.6 1.1 10.2 09:20 S 14 3.1 7.7 14:10 -0.8 07:00 12.4 0.0 0.9 2.0 22.4 16:20 SW 15 2.8 11.4 14:00 -1.3 06:30 12.7 0.0 0.0 0.9 12.2 21:30 WSW 16 8.5 11.0 13:00 -0.3 09:00 7.0 0.0 13.8 14.7 44.8 07:40 SE 17 6.0 12.1 13:50 1.6 00:30 9.5 0.0 2.7 2.2 44.8 09:10 SE 18 5.3 11.2 12:30 1.1 03:00 10.2 0.0 0.3 3.4 18.4 13:40 SSW 19 9.0 11.9 13:50 1.7 09:00 6.5 0.0 6.3 6.5 20.4 13:50 ENE 20 6.9 9.3 10:30 5.0 06:00 8.6 0.0 0.0 5.1 22.4 16:50 NNE 21 5.2 6.9 10:10 3.1 20:30 10.3 0.0 0.0 3.8 16.3 23:30 N 22 5.5 7.1 13:50 2.6 05:30 10.0 0.0 0.0 4.0 20.4 13:20 N 23 4.2 8.7 11:30 1.5 06:40 11.3 0.0 0.3 2.8 16.3 11:20 NW 24 1.6 7.0 14:00 -2.2 06:40 13.9 0.0 0.6 3.0 10.2 03:50 WNW 25 -0.4 4.7 13:40 -4.3 08:00 15.9 0.0 0.3 5.3 30.6 12:40 NW 26 0.4 5.7 13:00 -3.7 09:00 15.1 0.0 0.6 6.3 20.4 14:50 N 27 -1.2 1.4 13:00 -5.5 08:00 16.7 0.0 0.0 11.2 30.6 13:00 N 28 -2.5 -1.3 15:20 -4.9 09:00 18.0 0.0 0.0 7.1 22.4 06:20 N 29 -0.7 2.3 14:00 -3.0 09:00 16.2 0.0 0.0 6.9 22.4 18:20 N 30 -0.2 1.4 14:00 -1.9 04:00 15.7 0.0 0.3 15.9 42.8 08:40 NNE ---------------------------------------------------------------------------------- 6.1 18.2 4 -5.5 27 281.1 0.5 71.7 7.9 53.0 11 W Max >= 30.0: 0 Max <= 0.0: 1 Min <= 0.0: 10 Min <= -18.0: 0 Max Rain: 13.8 on day 16 Days of Rain: 22 (>= 0.2 mm) 11 (>= 1.0 mm) 0 (>= 25.0 mm) Heat Base: 15.5 Cool Base: 15.5 Method: Integration