NOAA-Style Climate Reports
Select a Year or Month report
2024: Jan Feb Mar Apr May Jun Jul Aug Sep Oct Nov Dec
2023: Jan Feb Mar Apr May Jun Jul Aug Sep Oct Nov Dec
2022: Jan Feb Mar Apr May Jun Jul Aug Sep Oct Nov Dec
2021: Jan Feb Mar Apr May Jun Jul Aug Sep Oct Nov Dec
2020: Jan Feb Mar Apr May Jun Jul Aug Sep Oct Nov Dec
2019: Jan Feb Mar Apr May Jun Jul Aug Sep Oct Nov Dec
2018: Jan Feb Mar Apr May Jun Jul Aug Sep Oct Nov Dec
2017: Jan Feb Mar Apr May Jun Jul Aug Sep Oct Nov Dec
2016: Jan Feb Mar Apr May Jun Jul Aug Sep Oct Nov Dec
2015: Jan Feb Mar Apr May Jun Jul Aug Sep Oct Nov Dec
2014: Jan Feb Mar Apr May Jun Jul Aug Sep Oct Nov Dec
2013: Jan Feb Mar Apr May Jun Jul Aug Sep Oct Nov Dec
2012: Jan Feb Mar Apr May Jun Jul Aug Sep Oct Nov Dec
2011: Jan Feb Mar Apr May Jun Jul Aug Sep Oct Nov Dec
2010: Jan Feb Mar Apr May Jun Jul Aug Sep Oct Nov Dec
2009: Jan Feb Mar Apr May Jun Jul Aug Sep Oct Nov Dec
2008: Jan Feb Mar Apr May Jun Jul Aug Sep Oct Nov Dec
2007: Jan Feb Mar Apr May Jun Jul Aug Sep Oct Nov Dec
2006: Jan Feb Mar Apr May Jun Jul Aug Sep Oct Nov Dec
2005: Jan Feb Mar Apr May Jun Jul Aug Sep Oct Nov Dec
2004: Jan Feb Mar Apr May Jun Jul Aug Sep Oct Nov Dec
2024: Jan Feb Mar Apr May Jun Jul Aug Sep Oct Nov Dec
2023: Jan Feb Mar Apr May Jun Jul Aug Sep Oct Nov Dec
2022: Jan Feb Mar Apr May Jun Jul Aug Sep Oct Nov Dec
2021: Jan Feb Mar Apr May Jun Jul Aug Sep Oct Nov Dec
2020: Jan Feb Mar Apr May Jun Jul Aug Sep Oct Nov Dec
2019: Jan Feb Mar Apr May Jun Jul Aug Sep Oct Nov Dec
2018: Jan Feb Mar Apr May Jun Jul Aug Sep Oct Nov Dec
2017: Jan Feb Mar Apr May Jun Jul Aug Sep Oct Nov Dec
2016: Jan Feb Mar Apr May Jun Jul Aug Sep Oct Nov Dec
2015: Jan Feb Mar Apr May Jun Jul Aug Sep Oct Nov Dec
2014: Jan Feb Mar Apr May Jun Jul Aug Sep Oct Nov Dec
2013: Jan Feb Mar Apr May Jun Jul Aug Sep Oct Nov Dec
2012: Jan Feb Mar Apr May Jun Jul Aug Sep Oct Nov Dec
2011: Jan Feb Mar Apr May Jun Jul Aug Sep Oct Nov Dec
2010: Jan Feb Mar Apr May Jun Jul Aug Sep Oct Nov Dec
2009: Jan Feb Mar Apr May Jun Jul Aug Sep Oct Nov Dec
2008: Jan Feb Mar Apr May Jun Jul Aug Sep Oct Nov Dec
2007: Jan Feb Mar Apr May Jun Jul Aug Sep Oct Nov Dec
2006: Jan Feb Mar Apr May Jun Jul Aug Sep Oct Nov Dec
2005: Jan Feb Mar Apr May Jun Jul Aug Sep Oct Nov Dec
2004: Jan Feb Mar Apr May Jun Jul Aug Sep Oct Nov Dec
Report for 2009 December
Monthly Climatological Summary for Dec 2009 Name: Willand City: Willand State: Devon, UK (9am GMT end of day) Elevation: 79 m Lat: N 50° 53' 03" Lon: W 003° 22' 25" Temperature (°C), Rain (mm), Wind Speed (km/h) Heat Cool Avg Mean Deg Deg Wind Dom Day Temp High Time Low Time Days Days Rain Speed High Time Dir ---------------------------------------------------------------------------------- 1 6.0 9.5 23:00 -1.1 09:00 9.5 0.0 3.0 8.0 32.6 19:10 SSE 2 7.6 10.0 12:10 4.0 01:20 7.9 0.0 4.5 6.8 30.6 05:30 SSW 3 2.7 7.5 12:50 -1.2 07:40 12.8 0.0 1.8 7.4 34.7 10:10 W 4 6.8 11.0 23:20 0.1 09:00 8.7 0.0 6.3 5.8 26.5 23:00 S 5 10.4 12.1 23:20 5.2 09:00 5.1 0.0 14.1 12.1 38.7 23:50 SSW 6 8.4 10.8 13:10 6.3 23:00 7.1 0.0 1.2 13.0 34.7 14:00 SSW 7 6.4 10.3 10:30 4.4 21:10 9.1 0.0 5.1 10.5 42.8 11:20 SW 8 8.6 11.8 17:30 5.0 06:20 6.9 0.0 7.5 4.9 26.5 13:10 SSE 9 8.2 12.3 13:10 2.6 08:40 7.3 0.0 0.3 5.7 20.4 22:30 SW 10 4.0 10.1 13:50 1.0 04:00 11.5 0.0 0.0 3.9 14.3 20:00 N 11 3.4 4.8 11:40 1.3 09:00 12.1 0.0 0.0 9.5 26.5 02:40 NNE 12 3.8 6.2 14:00 2.1 05:10 11.7 0.0 0.0 7.7 18.4 09:30 NNE 13 4.6 5.7 13:40 3.0 09:00 10.9 0.0 0.0 10.7 24.4 15:50 N 14 3.7 5.6 11:40 2.6 01:50 11.8 0.0 0.3 1.4 10.2 09:00 N 15 3.0 5.4 13:10 -0.9 08:30 12.5 0.0 1.2 3.1 14.3 18:00 NNE 16 2.6 4.7 04:20 -0.4 09:00 12.9 0.0 1.5 2.7 18.4 04:00 N 17 1.6 5.2 13:20 -0.2 00:50 13.9 0.0 0.0 14.6 44.8 04:00 N 18 -1.3 2.0 12:50 -5.9 08:40 16.8 0.0 0.0 8.7 34.7 12:30 N 19 0.3 3.6 14:10 -5.6 09:00 15.2 0.0 5.4 4.1 14.3 14:10 SW 20 -0.9 4.5 14:30 -4.9 06:50 16.4 0.0 0.0 4.2 16.3 14:30 SSW 21 -1.8 0.8 14:50 -5.5 06:40 17.3 0.0 0.0 1.8 10.2 10:30 NNW 22 -1.0 4.3 14:30 -4.6 00:00 16.5 0.0 0.0 0.8 10.2 11:20 SSE 23 -0.4 2.8 15:00 -2.5 09:00 15.9 0.0 0.6 1.1 8.1 13:30 SE 24 0.3 3.2 14:00 -2.5 00:50 15.2 0.0 0.0 1.9 10.2 14:50 NW 25 3.9 6.2 14:20 0.2 09:20 11.6 0.0 3.3 5.7 26.5 00:50 S 26 5.0 8.9 13:00 2.2 20:40 10.5 0.0 2.4 8.9 38.7 08:50 SW 27 2.4 7.4 13:00 -1.0 01:30 13.1 0.0 0.3 9.0 36.6 13:20 W 28 3.4 5.5 13:10 0.4 09:00 12.1 0.0 3.9 9.7 22.4 20:50 NNE 29 3.3 3.8 15:30 2.7 09:00 12.2 0.0 15.0 10.3 22.4 09:40 NNE 30 3.5 4.4 17:30 3.0 03:20 12.0 0.0 0.3 14.6 34.7 01:50 NNE 31 1.5 3.8 13:20 -1.3 05:40 14.0 0.0 0.0 10.4 26.5 11:50 N ---------------------------------------------------------------------------------- 3.5 12.3 9 -5.9 18 370.5 0.0 78.0 7.1 44.8 17 NW Max >= 30.0: 0 Max <= 0.0: 0 Min <= 0.0: 14 Min <= -18.0: 0 Max Rain: 15.0 on day 29 Days of Rain: 20 (>= 0.2 mm) 15 (>= 1.0 mm) 0 (>= 25.0 mm) Heat Base: 15.5 Cool Base: 15.5 Method: Integration