NOAA-Style Climate Reports
Select a Year or Month report
2024: Jan Feb Mar Apr May Jun Jul Aug Sep Oct Nov Dec
2023: Jan Feb Mar Apr May Jun Jul Aug Sep Oct Nov Dec
2022: Jan Feb Mar Apr May Jun Jul Aug Sep Oct Nov Dec
2021: Jan Feb Mar Apr May Jun Jul Aug Sep Oct Nov Dec
2020: Jan Feb Mar Apr May Jun Jul Aug Sep Oct Nov Dec
2019: Jan Feb Mar Apr May Jun Jul Aug Sep Oct Nov Dec
2018: Jan Feb Mar Apr May Jun Jul Aug Sep Oct Nov Dec
2017: Jan Feb Mar Apr May Jun Jul Aug Sep Oct Nov Dec
2016: Jan Feb Mar Apr May Jun Jul Aug Sep Oct Nov Dec
2015: Jan Feb Mar Apr May Jun Jul Aug Sep Oct Nov Dec
2014: Jan Feb Mar Apr May Jun Jul Aug Sep Oct Nov Dec
2013: Jan Feb Mar Apr May Jun Jul Aug Sep Oct Nov Dec
2012: Jan Feb Mar Apr May Jun Jul Aug Sep Oct Nov Dec
2011: Jan Feb Mar Apr May Jun Jul Aug Sep Oct Nov Dec
2010: Jan Feb Mar Apr May Jun Jul Aug Sep Oct Nov Dec
2009: Jan Feb Mar Apr May Jun Jul Aug Sep Oct Nov Dec
2008: Jan Feb Mar Apr May Jun Jul Aug Sep Oct Nov Dec
2007: Jan Feb Mar Apr May Jun Jul Aug Sep Oct Nov Dec
2006: Jan Feb Mar Apr May Jun Jul Aug Sep Oct Nov Dec
2005: Jan Feb Mar Apr May Jun Jul Aug Sep Oct Nov Dec
2004: Jan Feb Mar Apr May Jun Jul Aug Sep Oct Nov Dec
2024: Jan Feb Mar Apr May Jun Jul Aug Sep Oct Nov Dec
2023: Jan Feb Mar Apr May Jun Jul Aug Sep Oct Nov Dec
2022: Jan Feb Mar Apr May Jun Jul Aug Sep Oct Nov Dec
2021: Jan Feb Mar Apr May Jun Jul Aug Sep Oct Nov Dec
2020: Jan Feb Mar Apr May Jun Jul Aug Sep Oct Nov Dec
2019: Jan Feb Mar Apr May Jun Jul Aug Sep Oct Nov Dec
2018: Jan Feb Mar Apr May Jun Jul Aug Sep Oct Nov Dec
2017: Jan Feb Mar Apr May Jun Jul Aug Sep Oct Nov Dec
2016: Jan Feb Mar Apr May Jun Jul Aug Sep Oct Nov Dec
2015: Jan Feb Mar Apr May Jun Jul Aug Sep Oct Nov Dec
2014: Jan Feb Mar Apr May Jun Jul Aug Sep Oct Nov Dec
2013: Jan Feb Mar Apr May Jun Jul Aug Sep Oct Nov Dec
2012: Jan Feb Mar Apr May Jun Jul Aug Sep Oct Nov Dec
2011: Jan Feb Mar Apr May Jun Jul Aug Sep Oct Nov Dec
2010: Jan Feb Mar Apr May Jun Jul Aug Sep Oct Nov Dec
2009: Jan Feb Mar Apr May Jun Jul Aug Sep Oct Nov Dec
2008: Jan Feb Mar Apr May Jun Jul Aug Sep Oct Nov Dec
2007: Jan Feb Mar Apr May Jun Jul Aug Sep Oct Nov Dec
2006: Jan Feb Mar Apr May Jun Jul Aug Sep Oct Nov Dec
2005: Jan Feb Mar Apr May Jun Jul Aug Sep Oct Nov Dec
2004: Jan Feb Mar Apr May Jun Jul Aug Sep Oct Nov Dec
Report for 2009 August
Monthly Climatological Summary for Aug 2009 Name: Willand City: Willand State: Devon, UK (9am GMT end of day) Elevation: 79 m Lat: N 50° 53' 03" Lon: W 003° 22' 25" Temperature (°C), Rain (mm), Wind Speed (km/h) Heat Cool Avg Mean Deg Deg Wind Dom Day Temp High Time Low Time Days Days Rain Speed High Time Dir ---------------------------------------------------------------------------------- 1 13.7 18.8 16:40 9.0 02:50 1.8 0.0 0.3 5.3 26.5 16:40 W 2 16.3 22.5 15:00 13.2 00:20 0.0 0.8 0.3 6.2 24.4 15:50 SSW 3 16.6 18.4 11:30 15.7 15:40 0.0 1.1 2.7 10.8 26.5 11:10 SSE 4 17.2 19.4 09:20 15.8 06:10 0.0 1.7 2.7 5.9 22.4 10:40 SSE 5 16.6 24.6 16:30 10.7 04:40 0.0 1.1 0.0 2.1 14.3 15:30 W 6 15.7 19.8 13:20 11.5 06:00 0.0 0.2 0.0 2.4 16.3 09:40 NW 7 14.6 22.8 15:10 6.7 05:40 0.9 0.0 0.0 5.3 22.4 14:30 WNW 8 14.8 23.4 15:00 7.4 06:00 0.7 0.0 0.0 2.8 14.3 12:10 NNW 9 18.1 26.6 14:40 12.5 03:30 0.0 2.6 0.0 3.2 16.3 09:50 SW 10 17.6 21.1 09:50 15.8 06:30 0.0 2.1 0.3 6.1 22.4 10:50 WSW 11 19.1 25.8 15:10 14.9 00:40 0.0 3.6 0.0 7.5 22.4 18:10 W 12 18.2 22.1 14:00 15.9 04:00 0.0 2.7 3.6 6.6 26.5 14:00 W 13 17.0 26.3 14:40 10.8 06:20 0.0 1.5 0.3 3.6 22.4 17:20 W 14 17.9 20.5 17:10 16.2 05:40 0.0 2.4 0.0 6.4 20.4 15:00 S 15 18.5 23.3 16:30 15.5 06:30 0.0 3.0 0.6 8.4 22.4 11:50 WSW 16 16.8 21.2 14:00 14.7 00:50 0.0 1.3 0.0 6.0 20.4 11:20 WSW 17 16.8 21.5 16:20 12.9 06:20 0.0 1.3 0.0 3.2 18.4 11:50 W 18 18.2 22.5 15:00 15.6 21:50 0.0 2.7 0.6 6.5 20.4 16:30 SSE 19 19.2 24.1 16:10 16.5 07:50 0.0 3.7 4.2 9.3 26.5 03:50 S 20 15.5 22.4 14:00 10.8 02:20 0.0 0.0 2.5 10.0 40.7 10:30 SW 21 14.4 17.6 14:20 11.3 03:40 1.1 0.0 2.1 3.9 99.8 10:50 WSW 22 16.7 20.2 14:20 14.5 06:30 0.0 1.2 0.0 6.8 20.4 14:00 SSE 23 17.1 20.6 12:10 15.4 07:50 0.0 1.6 5.4 6.9 26.5 12:30 SSE 24 14.4 20.8 15:30 10.2 05:10 1.1 0.0 2.1 5.1 22.4 15:00 SW 25 16.6 21.2 16:20 13.5 22:40 0.0 1.1 1.8 9.3 36.6 08:10 S 26 15.9 19.5 16:00 11.9 05:40 0.0 0.4 1.8 7.0 34.7 11:00 SSW 27 15.7 21.6 13:50 11.1 06:50 0.0 0.2 0.3 11.6 38.7 09:40 SW 28 13.5 19.9 14:00 7.9 06:00 2.0 0.0 0.9 10.8 63.1 10:00 W 29 14.1 20.5 14:50 9.6 00:30 1.4 0.0 0.0 6.0 26.5 15:20 WSW 30 17.0 18.9 16:00 14.8 10:00 0.0 1.5 0.3 7.3 20.4 12:20 SSE 31 14.9 19.2 15:50 10.2 05:40 0.6 0.0 0.3 6.7 22.4 11:30 SSE ---------------------------------------------------------------------------------- 16.4 26.6 9 6.7 7 9.6 37.8 33.1 6.4 99.8 21 SW Max >= 30.0: 0 Max <= 0.0: 0 Min <= 0.0: 0 Min <= -18.0: 0 Max Rain: 5.4 on day 23 Days of Rain: 20 (>= 0.2 mm) 10 (>= 1.0 mm) 0 (>= 25.0 mm) Heat Base: 15.5 Cool Base: 15.5 Method: Integration