NOAA-Style Climate Reports
Select a Year or Month report
2024: Jan Feb Mar Apr May Jun Jul Aug Sep Oct Nov Dec
2023: Jan Feb Mar Apr May Jun Jul Aug Sep Oct Nov Dec
2022: Jan Feb Mar Apr May Jun Jul Aug Sep Oct Nov Dec
2021: Jan Feb Mar Apr May Jun Jul Aug Sep Oct Nov Dec
2020: Jan Feb Mar Apr May Jun Jul Aug Sep Oct Nov Dec
2019: Jan Feb Mar Apr May Jun Jul Aug Sep Oct Nov Dec
2018: Jan Feb Mar Apr May Jun Jul Aug Sep Oct Nov Dec
2017: Jan Feb Mar Apr May Jun Jul Aug Sep Oct Nov Dec
2016: Jan Feb Mar Apr May Jun Jul Aug Sep Oct Nov Dec
2015: Jan Feb Mar Apr May Jun Jul Aug Sep Oct Nov Dec
2014: Jan Feb Mar Apr May Jun Jul Aug Sep Oct Nov Dec
2013: Jan Feb Mar Apr May Jun Jul Aug Sep Oct Nov Dec
2012: Jan Feb Mar Apr May Jun Jul Aug Sep Oct Nov Dec
2011: Jan Feb Mar Apr May Jun Jul Aug Sep Oct Nov Dec
2010: Jan Feb Mar Apr May Jun Jul Aug Sep Oct Nov Dec
2009: Jan Feb Mar Apr May Jun Jul Aug Sep Oct Nov Dec
2008: Jan Feb Mar Apr May Jun Jul Aug Sep Oct Nov Dec
2007: Jan Feb Mar Apr May Jun Jul Aug Sep Oct Nov Dec
2006: Jan Feb Mar Apr May Jun Jul Aug Sep Oct Nov Dec
2005: Jan Feb Mar Apr May Jun Jul Aug Sep Oct Nov Dec
2004: Jan Feb Mar Apr May Jun Jul Aug Sep Oct Nov Dec
2024: Jan Feb Mar Apr May Jun Jul Aug Sep Oct Nov Dec
2023: Jan Feb Mar Apr May Jun Jul Aug Sep Oct Nov Dec
2022: Jan Feb Mar Apr May Jun Jul Aug Sep Oct Nov Dec
2021: Jan Feb Mar Apr May Jun Jul Aug Sep Oct Nov Dec
2020: Jan Feb Mar Apr May Jun Jul Aug Sep Oct Nov Dec
2019: Jan Feb Mar Apr May Jun Jul Aug Sep Oct Nov Dec
2018: Jan Feb Mar Apr May Jun Jul Aug Sep Oct Nov Dec
2017: Jan Feb Mar Apr May Jun Jul Aug Sep Oct Nov Dec
2016: Jan Feb Mar Apr May Jun Jul Aug Sep Oct Nov Dec
2015: Jan Feb Mar Apr May Jun Jul Aug Sep Oct Nov Dec
2014: Jan Feb Mar Apr May Jun Jul Aug Sep Oct Nov Dec
2013: Jan Feb Mar Apr May Jun Jul Aug Sep Oct Nov Dec
2012: Jan Feb Mar Apr May Jun Jul Aug Sep Oct Nov Dec
2011: Jan Feb Mar Apr May Jun Jul Aug Sep Oct Nov Dec
2010: Jan Feb Mar Apr May Jun Jul Aug Sep Oct Nov Dec
2009: Jan Feb Mar Apr May Jun Jul Aug Sep Oct Nov Dec
2008: Jan Feb Mar Apr May Jun Jul Aug Sep Oct Nov Dec
2007: Jan Feb Mar Apr May Jun Jul Aug Sep Oct Nov Dec
2006: Jan Feb Mar Apr May Jun Jul Aug Sep Oct Nov Dec
2005: Jan Feb Mar Apr May Jun Jul Aug Sep Oct Nov Dec
2004: Jan Feb Mar Apr May Jun Jul Aug Sep Oct Nov Dec
Report for 2009 June
Monthly Climatological Summary for Jun 2009 Name: Willand City: Willand State: Devon, UK (9am GMT end of day) Elevation: 79 m Lat: N 50° 53' 03" Lon: W 003° 22' 25" Temperature (°C), Rain (mm), Wind Speed (km/h) Heat Cool Avg Mean Deg Deg Wind Dom Day Temp High Time Low Time Days Days Rain Speed High Time Dir ---------------------------------------------------------------------------------- 1 20.0 27.6 14:20 11.3 04:30 0.0 4.5 0.0 8.5 22.4 13:50 NNE 2 19.4 28.1 15:50 9.7 05:30 0.0 3.9 0.0 4.3 20.4 10:40 NNE 3 18.8 27.3 13:10 12.5 08:40 0.0 3.3 0.0 6.2 22.4 15:20 NNE 4 13.7 21.5 16:00 7.5 04:50 1.8 0.0 0.0 3.4 16.3 10:50 S 5 14.1 20.9 12:40 9.3 09:50 1.4 0.0 5.4 3.3 20.4 09:20 S 6 9.5 13.7 09:50 7.4 04:30 6.0 0.0 29.4 5.7 22.4 19:40 ENE 7 11.1 18.5 14:20 4.3 04:10 4.4 0.0 0.0 4.6 18.4 12:30 ESE 8 12.4 15.2 12:10 10.1 01:40 3.1 0.0 0.3 7.3 26.5 05:40 NE 9 13.9 21.1 18:50 9.0 04:10 1.6 0.0 1.8 3.4 22.4 10:30 NNE 10 13.1 19.9 13:20 7.7 05:20 2.4 0.0 0.9 5.1 18.4 13:20 SW 11 14.5 21.2 15:50 9.6 01:10 1.0 0.0 0.0 6.7 30.6 12:40 WSW 12 14.5 19.5 09:50 12.8 01:30 1.0 0.0 0.0 5.1 18.4 13:10 SSE 13 15.3 22.0 12:30 8.9 04:40 0.2 0.0 0.0 4.1 22.4 15:20 SSE 14 16.4 24.6 14:30 9.8 05:50 0.0 0.9 0.0 2.9 16.3 20:00 W 15 13.6 21.3 11:30 7.9 03:20 1.9 0.0 0.9 3.0 22.4 15:00 WSW 16 16.1 23.4 14:20 10.3 04:20 0.0 0.6 0.0 5.4 22.4 09:10 SSE 17 13.5 18.6 12:00 8.3 05:10 2.0 0.0 3.9 6.7 26.5 11:40 SW 18 13.7 19.6 15:10 7.5 05:00 1.8 0.0 0.0 8.9 26.5 15:30 WSW 19 14.4 19.8 16:20 10.9 22:50 1.1 0.0 0.0 9.1 26.5 11:40 W 20 15.4 21.1 14:50 9.8 05:00 0.1 0.0 0.0 9.9 30.6 18:00 W 21 17.1 22.2 14:50 13.0 01:00 0.0 1.6 0.0 5.3 22.4 12:00 WNW 22 18.2 26.4 18:10 12.4 05:00 0.0 2.7 0.0 3.2 14.3 11:20 ESE 23 20.3 25.1 15:10 12.6 23:10 0.0 4.8 0.0 4.4 16.3 16:00 S 24 18.2 26.9 17:00 12.4 05:40 0.0 2.7 0.0 7.6 22.4 13:50 NE 25 19.3 26.6 16:50 16.1 04:30 0.0 3.8 0.0 4.8 22.4 10:20 NE 26 17.1 26.4 15:00 11.4 05:30 0.0 1.6 0.0 2.9 16.3 15:00 NNW 27 17.3 26.4 14:50 10.0 04:20 0.0 1.8 0.0 3.0 16.3 14:00 SSE 28 19.2 23.4 14:30 15.5 06:10 0.0 3.7 0.6 3.6 16.3 09:30 E 29 20.5 26.9 16:30 15.2 02:30 0.0 5.0 0.0 5.3 22.4 14:20 SE 30 20.7 27.6 16:20 15.2 03:00 0.0 5.2 0.0 4.3 22.4 15:00 SE ---------------------------------------------------------------------------------- 16.0 28.1 2 4.3 7 29.8 46.1 43.2 5.3 30.6 11 SSW Max >= 30.0: 0 Max <= 0.0: 0 Min <= 0.0: 0 Min <= -18.0: 0 Max Rain: 29.4 on day 6 Days of Rain: 8 (>= 0.2 mm) 4 (>= 1.0 mm) 1 (>= 25.0 mm) Heat Base: 15.5 Cool Base: 15.5 Method: Integration