NOAA-Style Climate Reports
Select a Year or Month report
2024: Jan Feb Mar Apr May Jun Jul Aug Sep Oct Nov Dec
2023: Jan Feb Mar Apr May Jun Jul Aug Sep Oct Nov Dec
2022: Jan Feb Mar Apr May Jun Jul Aug Sep Oct Nov Dec
2021: Jan Feb Mar Apr May Jun Jul Aug Sep Oct Nov Dec
2020: Jan Feb Mar Apr May Jun Jul Aug Sep Oct Nov Dec
2019: Jan Feb Mar Apr May Jun Jul Aug Sep Oct Nov Dec
2018: Jan Feb Mar Apr May Jun Jul Aug Sep Oct Nov Dec
2017: Jan Feb Mar Apr May Jun Jul Aug Sep Oct Nov Dec
2016: Jan Feb Mar Apr May Jun Jul Aug Sep Oct Nov Dec
2015: Jan Feb Mar Apr May Jun Jul Aug Sep Oct Nov Dec
2014: Jan Feb Mar Apr May Jun Jul Aug Sep Oct Nov Dec
2013: Jan Feb Mar Apr May Jun Jul Aug Sep Oct Nov Dec
2012: Jan Feb Mar Apr May Jun Jul Aug Sep Oct Nov Dec
2011: Jan Feb Mar Apr May Jun Jul Aug Sep Oct Nov Dec
2010: Jan Feb Mar Apr May Jun Jul Aug Sep Oct Nov Dec
2009: Jan Feb Mar Apr May Jun Jul Aug Sep Oct Nov Dec
2008: Jan Feb Mar Apr May Jun Jul Aug Sep Oct Nov Dec
2007: Jan Feb Mar Apr May Jun Jul Aug Sep Oct Nov Dec
2006: Jan Feb Mar Apr May Jun Jul Aug Sep Oct Nov Dec
2005: Jan Feb Mar Apr May Jun Jul Aug Sep Oct Nov Dec
2004: Jan Feb Mar Apr May Jun Jul Aug Sep Oct Nov Dec
2024: Jan Feb Mar Apr May Jun Jul Aug Sep Oct Nov Dec
2023: Jan Feb Mar Apr May Jun Jul Aug Sep Oct Nov Dec
2022: Jan Feb Mar Apr May Jun Jul Aug Sep Oct Nov Dec
2021: Jan Feb Mar Apr May Jun Jul Aug Sep Oct Nov Dec
2020: Jan Feb Mar Apr May Jun Jul Aug Sep Oct Nov Dec
2019: Jan Feb Mar Apr May Jun Jul Aug Sep Oct Nov Dec
2018: Jan Feb Mar Apr May Jun Jul Aug Sep Oct Nov Dec
2017: Jan Feb Mar Apr May Jun Jul Aug Sep Oct Nov Dec
2016: Jan Feb Mar Apr May Jun Jul Aug Sep Oct Nov Dec
2015: Jan Feb Mar Apr May Jun Jul Aug Sep Oct Nov Dec
2014: Jan Feb Mar Apr May Jun Jul Aug Sep Oct Nov Dec
2013: Jan Feb Mar Apr May Jun Jul Aug Sep Oct Nov Dec
2012: Jan Feb Mar Apr May Jun Jul Aug Sep Oct Nov Dec
2011: Jan Feb Mar Apr May Jun Jul Aug Sep Oct Nov Dec
2010: Jan Feb Mar Apr May Jun Jul Aug Sep Oct Nov Dec
2009: Jan Feb Mar Apr May Jun Jul Aug Sep Oct Nov Dec
2008: Jan Feb Mar Apr May Jun Jul Aug Sep Oct Nov Dec
2007: Jan Feb Mar Apr May Jun Jul Aug Sep Oct Nov Dec
2006: Jan Feb Mar Apr May Jun Jul Aug Sep Oct Nov Dec
2005: Jan Feb Mar Apr May Jun Jul Aug Sep Oct Nov Dec
2004: Jan Feb Mar Apr May Jun Jul Aug Sep Oct Nov Dec
Report for 2009 May
Monthly Climatological Summary for May 2009 Name: Willand City: Willand State: Devon, UK (9am GMT end of day) Elevation: 79 m Lat: N 50° 53' 03" Lon: W 003° 22' 25" Temperature (°C), Rain (mm), Wind Speed (km/h) Heat Cool Avg Mean Deg Deg Wind Dom Day Temp High Time Low Time Days Days Rain Speed High Time Dir ---------------------------------------------------------------------------------- 1 11.2 18.4 13:40 5.8 06:00 4.3 0.0 0.0 6.6 26.5 13:50 SW 2 12.1 19.1 14:10 7.1 05:50 3.4 0.0 0.0 6.3 26.5 08:50 W 3 8.9 15.9 16:30 2.7 05:30 6.6 0.0 0.0 7.4 26.5 13:20 WNW 4 11.6 14.0 12:20 10.3 10:00 3.9 0.0 0.0 11.3 30.6 15:50 W 5 13.5 18.5 13:00 11.2 04:40 2.0 0.0 0.0 15.0 34.7 16:00 WSW 6 13.2 18.2 13:40 10.1 07:10 2.3 0.0 0.0 10.8 30.6 10:10 WSW 7 10.9 15.5 14:00 7.4 07:40 4.6 0.0 2.1 10.8 102.0 09:20 SW 8 10.1 16.1 16:50 4.7 05:50 5.4 0.0 0.0 10.9 46.9 12:40 WSW 9 10.3 17.9 15:30 2.6 06:00 5.2 0.0 0.0 5.1 18.4 10:30 WSW 10 14.8 21.5 15:10 9.1 06:00 0.7 0.0 0.0 10.8 32.6 06:40 NE 11 12.2 19.7 16:20 5.4 05:40 3.3 0.0 0.0 20.7 44.8 13:10 NNE 12 13.1 19.8 16:00 8.7 06:20 2.4 0.0 0.0 13.3 46.9 10:30 NNE 13 11.3 15.4 09:30 9.8 10:00 4.2 0.0 0.3 2.9 14.3 10:40 E 14 12.3 15.6 16:40 9.3 07:50 3.2 0.0 10.5 2.2 28.5 06:50 W 15 10.4 14.7 14:20 7.1 21:50 5.1 0.0 3.3 12.6 44.8 09:00 SW 16 10.7 15.2 12:40 6.9 23:00 4.8 0.0 5.7 12.2 44.8 12:20 SSW 17 11.0 15.1 17:00 8.1 03:20 4.5 0.0 6.9 12.9 42.8 15:50 SSW 18 11.1 14.5 18:50 8.7 01:20 4.4 0.0 9.0 9.8 30.6 19:20 SSW 19 11.2 16.6 13:20 5.4 06:10 4.3 0.0 1.2 7.2 30.6 13:40 SW 20 12.8 18.2 13:20 6.7 05:30 2.7 0.0 0.3 7.1 26.5 17:30 SSE 21 11.5 17.3 13:30 5.1 04:30 4.0 0.0 0.0 7.4 22.4 10:30 W 22 12.5 20.6 14:00 4.7 05:40 3.0 0.0 0.0 5.3 22.4 14:20 WSW 23 12.9 22.4 15:50 4.1 05:40 2.6 0.0 0.0 3.6 18.4 10:10 SW 24 16.0 25.4 15:50 8.4 04:50 0.0 0.5 0.0 3.4 14.3 10:00 SE 25 14.9 23.8 15:30 10.1 05:50 0.6 0.0 0.0 9.5 32.6 08:40 WNW 26 11.9 16.6 17:00 8.2 23:30 3.6 0.0 3.9 10.6 34.7 11:00 WSW 27 13.1 14.7 09:50 10.8 10:00 2.4 0.0 9.6 10.8 32.6 13:20 WSW 28 14.8 20.3 17:30 9.2 05:20 0.7 0.0 0.0 5.0 18.4 10:10 WNW 29 17.4 25.0 15:30 9.1 05:40 0.0 1.9 0.0 7.6 22.4 11:30 ESE 30 17.3 26.0 15:30 8.6 02:50 0.0 1.8 0.0 6.5 22.4 09:40 ENE 31 19.6 26.3 15:10 13.1 05:00 0.0 4.1 0.0 9.4 22.4 14:20 NNE ---------------------------------------------------------------------------------- 12.7 26.3 31 2.6 9 94.2 8.3 52.8 8.9 102.0 7 WSW Max >= 30.0: 0 Max <= 0.0: 0 Min <= 0.0: 0 Min <= -18.0: 0 Max Rain: 10.5 on day 14 Days of Rain: 11 (>= 0.2 mm) 9 (>= 1.0 mm) 0 (>= 25.0 mm) Heat Base: 15.5 Cool Base: 15.5 Method: Integration