NOAA-Style Climate Reports
Select a Year or Month report
2024: Jan Feb Mar Apr May Jun Jul Aug Sep Oct Nov Dec
2023: Jan Feb Mar Apr May Jun Jul Aug Sep Oct Nov Dec
2022: Jan Feb Mar Apr May Jun Jul Aug Sep Oct Nov Dec
2021: Jan Feb Mar Apr May Jun Jul Aug Sep Oct Nov Dec
2020: Jan Feb Mar Apr May Jun Jul Aug Sep Oct Nov Dec
2019: Jan Feb Mar Apr May Jun Jul Aug Sep Oct Nov Dec
2018: Jan Feb Mar Apr May Jun Jul Aug Sep Oct Nov Dec
2017: Jan Feb Mar Apr May Jun Jul Aug Sep Oct Nov Dec
2016: Jan Feb Mar Apr May Jun Jul Aug Sep Oct Nov Dec
2015: Jan Feb Mar Apr May Jun Jul Aug Sep Oct Nov Dec
2014: Jan Feb Mar Apr May Jun Jul Aug Sep Oct Nov Dec
2013: Jan Feb Mar Apr May Jun Jul Aug Sep Oct Nov Dec
2012: Jan Feb Mar Apr May Jun Jul Aug Sep Oct Nov Dec
2011: Jan Feb Mar Apr May Jun Jul Aug Sep Oct Nov Dec
2010: Jan Feb Mar Apr May Jun Jul Aug Sep Oct Nov Dec
2009: Jan Feb Mar Apr May Jun Jul Aug Sep Oct Nov Dec
2008: Jan Feb Mar Apr May Jun Jul Aug Sep Oct Nov Dec
2007: Jan Feb Mar Apr May Jun Jul Aug Sep Oct Nov Dec
2006: Jan Feb Mar Apr May Jun Jul Aug Sep Oct Nov Dec
2005: Jan Feb Mar Apr May Jun Jul Aug Sep Oct Nov Dec
2004: Jan Feb Mar Apr May Jun Jul Aug Sep Oct Nov Dec
2024: Jan Feb Mar Apr May Jun Jul Aug Sep Oct Nov Dec
2023: Jan Feb Mar Apr May Jun Jul Aug Sep Oct Nov Dec
2022: Jan Feb Mar Apr May Jun Jul Aug Sep Oct Nov Dec
2021: Jan Feb Mar Apr May Jun Jul Aug Sep Oct Nov Dec
2020: Jan Feb Mar Apr May Jun Jul Aug Sep Oct Nov Dec
2019: Jan Feb Mar Apr May Jun Jul Aug Sep Oct Nov Dec
2018: Jan Feb Mar Apr May Jun Jul Aug Sep Oct Nov Dec
2017: Jan Feb Mar Apr May Jun Jul Aug Sep Oct Nov Dec
2016: Jan Feb Mar Apr May Jun Jul Aug Sep Oct Nov Dec
2015: Jan Feb Mar Apr May Jun Jul Aug Sep Oct Nov Dec
2014: Jan Feb Mar Apr May Jun Jul Aug Sep Oct Nov Dec
2013: Jan Feb Mar Apr May Jun Jul Aug Sep Oct Nov Dec
2012: Jan Feb Mar Apr May Jun Jul Aug Sep Oct Nov Dec
2011: Jan Feb Mar Apr May Jun Jul Aug Sep Oct Nov Dec
2010: Jan Feb Mar Apr May Jun Jul Aug Sep Oct Nov Dec
2009: Jan Feb Mar Apr May Jun Jul Aug Sep Oct Nov Dec
2008: Jan Feb Mar Apr May Jun Jul Aug Sep Oct Nov Dec
2007: Jan Feb Mar Apr May Jun Jul Aug Sep Oct Nov Dec
2006: Jan Feb Mar Apr May Jun Jul Aug Sep Oct Nov Dec
2005: Jan Feb Mar Apr May Jun Jul Aug Sep Oct Nov Dec
2004: Jan Feb Mar Apr May Jun Jul Aug Sep Oct Nov Dec
Report for 2009 February
Monthly Climatological Summary for Feb 2009 Name: Willand City: Willand State: Devon, UK (9am GMT end of day) Elevation: 79 m Lat: N 50° 53' 03" Lon: W 003° 22' 25" Temperature (°C), Rain (mm), Wind Speed (km/h) Heat Cool Avg Mean Deg Deg Wind Dom Day Temp High Time Low Time Days Days Rain Speed High Time Dir ---------------------------------------------------------------------------------- 1 -0.7 1.9 12:50 -3.1 01:00 16.2 0.0 0.0 15.0 30.6 11:00 NNE 2 -2.1 1.6 14:00 -5.9 06:30 17.6 0.0 0.0 5.2 28.5 13:00 N 3 1.8 5.2 13:20 -0.8 23:00 13.7 0.0 9.0 6.8 26.5 17:00 SE 4 2.4 6.5 13:20 0.2 07:20 13.1 0.0 1.2 13.1 38.7 13:10 NE 5 1.1 2.3 14:10 0.4 09:00 14.4 0.0 1.2 13.7 40.7 04:50 N 6 0.5 2.6 14:30 -2.4 07:10 15.0 0.0 8.1 10.7 34.7 09:40 NNW 7 0.1 5.1 12:20 -3.3 01:30 15.4 0.0 5.7 5.7 34.7 16:00 WNW 8 3.1 4.7 18:00 -1.5 09:00 12.4 0.0 10.8 3.9 30.6 19:00 SW 9 3.1 4.9 09:50 0.9 21:40 12.4 0.0 23.1 14.7 44.8 02:20 NNW 10 2.6 7.5 13:40 -1.0 02:30 12.9 0.0 0.0 5.0 26.5 09:00 WNW 11 3.3 9.2 13:30 -2.6 06:00 12.2 0.0 0.0 4.3 26.5 23:40 NW 12 4.9 6.8 13:50 -0.3 09:00 10.6 0.0 0.0 3.7 20.4 07:00 WSW 13 5.1 9.6 12:00 3.2 07:10 10.4 0.0 0.0 2.8 20.4 12:20 N 14 4.3 7.2 13:10 2.5 20:10 11.2 0.0 0.0 0.9 10.2 15:00 S 15 5.3 10.9 13:40 2.0 02:40 10.2 0.0 0.3 2.9 18.4 16:30 W 16 7.7 10.7 13:20 4.8 09:00 7.8 0.0 0.0 6.4 26.5 16:10 W 17 8.7 12.1 13:10 6.8 03:30 6.8 0.0 0.0 7.2 30.6 12:40 WNW 18 8.4 10.6 13:50 6.5 06:20 7.1 0.0 0.0 2.0 14.3 13:00 N 19 6.4 10.1 15:20 1.9 06:40 9.1 0.0 0.6 1.3 14.3 19:20 WNW 20 4.9 10.6 14:30 1.4 22:40 10.6 0.0 0.0 0.7 10.2 12:30 NNW 21 7.3 10.7 13:50 4.3 00:10 8.2 0.0 0.0 9.0 26.5 13:50 W 22 8.8 12.4 12:20 6.3 01:50 6.7 0.0 0.0 9.8 38.7 10:50 WNW 23 6.9 12.1 13:20 2.4 22:50 8.6 0.0 0.0 3.2 22.4 13:00 NW 24 8.6 10.3 12:30 7.3 06:10 6.9 0.0 0.0 1.6 10.2 06:40 WSW 25 7.6 9.4 14:20 5.2 23:50 7.9 0.0 0.0 4.3 16.3 12:10 WSW 26 8.5 10.5 12:40 6.7 09:00 7.0 0.0 0.0 9.5 26.5 12:40 W 27 7.9 10.0 11:30 6.3 06:50 7.6 0.0 0.0 4.3 26.5 11:00 W 28 6.1 9.7 13:10 3.3 05:50 9.4 0.0 0.0 3.0 18.4 14:50 ESE ---------------------------------------------------------------------------------- 4.7 12.4 22 -5.9 2 301.4 0.0 60.0 6.1 44.8 9 NW Max >= 30.0: 0 Max <= 0.0: 0 Min <= 0.0: 9 Min <= -18.0: 0 Max Rain: 23.1 on day 9 Days of Rain: 9 (>= 0.2 mm) 7 (>= 1.0 mm) 0 (>= 25.0 mm) Heat Base: 15.5 Cool Base: 15.5 Method: Integration