NOAA-Style Climate Reports
Select a Year or Month report
2024: Jan Feb Mar Apr May Jun Jul Aug Sep Oct Nov Dec
2023: Jan Feb Mar Apr May Jun Jul Aug Sep Oct Nov Dec
2022: Jan Feb Mar Apr May Jun Jul Aug Sep Oct Nov Dec
2021: Jan Feb Mar Apr May Jun Jul Aug Sep Oct Nov Dec
2020: Jan Feb Mar Apr May Jun Jul Aug Sep Oct Nov Dec
2019: Jan Feb Mar Apr May Jun Jul Aug Sep Oct Nov Dec
2018: Jan Feb Mar Apr May Jun Jul Aug Sep Oct Nov Dec
2017: Jan Feb Mar Apr May Jun Jul Aug Sep Oct Nov Dec
2016: Jan Feb Mar Apr May Jun Jul Aug Sep Oct Nov Dec
2015: Jan Feb Mar Apr May Jun Jul Aug Sep Oct Nov Dec
2014: Jan Feb Mar Apr May Jun Jul Aug Sep Oct Nov Dec
2013: Jan Feb Mar Apr May Jun Jul Aug Sep Oct Nov Dec
2012: Jan Feb Mar Apr May Jun Jul Aug Sep Oct Nov Dec
2011: Jan Feb Mar Apr May Jun Jul Aug Sep Oct Nov Dec
2010: Jan Feb Mar Apr May Jun Jul Aug Sep Oct Nov Dec
2009: Jan Feb Mar Apr May Jun Jul Aug Sep Oct Nov Dec
2008: Jan Feb Mar Apr May Jun Jul Aug Sep Oct Nov Dec
2007: Jan Feb Mar Apr May Jun Jul Aug Sep Oct Nov Dec
2006: Jan Feb Mar Apr May Jun Jul Aug Sep Oct Nov Dec
2005: Jan Feb Mar Apr May Jun Jul Aug Sep Oct Nov Dec
2004: Jan Feb Mar Apr May Jun Jul Aug Sep Oct Nov Dec
2024: Jan Feb Mar Apr May Jun Jul Aug Sep Oct Nov Dec
2023: Jan Feb Mar Apr May Jun Jul Aug Sep Oct Nov Dec
2022: Jan Feb Mar Apr May Jun Jul Aug Sep Oct Nov Dec
2021: Jan Feb Mar Apr May Jun Jul Aug Sep Oct Nov Dec
2020: Jan Feb Mar Apr May Jun Jul Aug Sep Oct Nov Dec
2019: Jan Feb Mar Apr May Jun Jul Aug Sep Oct Nov Dec
2018: Jan Feb Mar Apr May Jun Jul Aug Sep Oct Nov Dec
2017: Jan Feb Mar Apr May Jun Jul Aug Sep Oct Nov Dec
2016: Jan Feb Mar Apr May Jun Jul Aug Sep Oct Nov Dec
2015: Jan Feb Mar Apr May Jun Jul Aug Sep Oct Nov Dec
2014: Jan Feb Mar Apr May Jun Jul Aug Sep Oct Nov Dec
2013: Jan Feb Mar Apr May Jun Jul Aug Sep Oct Nov Dec
2012: Jan Feb Mar Apr May Jun Jul Aug Sep Oct Nov Dec
2011: Jan Feb Mar Apr May Jun Jul Aug Sep Oct Nov Dec
2010: Jan Feb Mar Apr May Jun Jul Aug Sep Oct Nov Dec
2009: Jan Feb Mar Apr May Jun Jul Aug Sep Oct Nov Dec
2008: Jan Feb Mar Apr May Jun Jul Aug Sep Oct Nov Dec
2007: Jan Feb Mar Apr May Jun Jul Aug Sep Oct Nov Dec
2006: Jan Feb Mar Apr May Jun Jul Aug Sep Oct Nov Dec
2005: Jan Feb Mar Apr May Jun Jul Aug Sep Oct Nov Dec
2004: Jan Feb Mar Apr May Jun Jul Aug Sep Oct Nov Dec
Report for 2008 August
Monthly Climatological Summary for Aug 2008 Name: Willand City: Willand State: Devon, UK (9am GMT end of day) Elevation: 79 m Lat: N 50° 53' 03" Lon: W 003° 22' 25" Temperature (°C), Rain (mm), Wind Speed (km/h) Heat Cool Avg Mean Deg Deg Wind Dom Day Temp High Time Low Time Days Days Rain Speed High Time Dir ---------------------------------------------------------------------------------- 1 17.4 20.7 17:50 15.5 23:20 0.0 1.9 5.4 6.8 32.6 16:20 SW 2 18.9 23.2 13:50 16.7 00:40 0.0 3.4 0.9 7.8 26.5 14:50 W 3 14.8 19.5 13:50 10.9 04:40 0.7 0.0 4.2 4.6 20.4 10:20 WSW 4 16.7 20.4 12:40 14.2 02:20 0.0 1.2 10.5 8.4 26.5 16:20 WSW 5 18.2 19.4 11:50 17.2 03:40 0.0 2.7 4.8 6.7 24.4 11:30 SSW 6 18.3 22.3 17:00 15.2 05:40 0.0 2.8 0.9 4.9 20.4 13:30 SSE 7 16.7 20.1 11:10 14.5 00:20 0.0 1.2 7.8 4.6 28.5 05:30 WNW 8 16.2 23.2 14:40 10.9 03:20 0.0 0.7 0.9 6.9 24.4 10:20 W 9 16.7 19.0 13:50 13.7 05:50 0.0 1.2 7.5 11.4 34.7 03:00 SW 10 16.8 21.3 14:20 13.9 06:00 0.0 1.3 0.3 10.2 40.7 14:00 WSW 11 15.4 19.0 11:00 13.2 06:30 0.1 0.0 20.5 4.4 26.5 09:40 SW 12 14.0 20.0 12:50 9.9 02:10 1.5 0.0 3.3 10.9 38.7 10:40 WSW 13 12.6 16.9 09:50 8.5 06:20 2.9 0.0 8.7 10.2 44.8 18:10 W 14 13.5 20.9 13:00 6.1 05:40 2.0 0.0 0.3 4.1 24.4 15:30 W 15 16.2 20.6 14:40 13.9 23:50 0.0 0.7 0.9 8.4 24.4 08:30 S 16 14.0 16.5 09:50 10.2 06:30 1.5 0.0 10.8 8.5 30.6 16:20 SSE 17 15.9 19.2 14:50 13.8 06:30 0.0 0.4 6.4 10.1 32.6 23:30 SSW 18 16.0 19.2 16:20 14.2 03:20 0.0 0.5 0.0 14.8 36.6 16:10 SW 19 16.9 20.8 14:30 14.5 06:10 0.0 1.4 0.0 12.4 36.6 15:00 W 20 15.7 18.8 14:30 13.1 06:40 0.0 0.2 0.0 3.9 24.4 14:00 SW 21 16.9 23.1 14:20 13.0 04:40 0.0 1.4 0.6 3.8 18.4 09:40 W 22 14.1 20.7 15:10 8.1 04:30 1.4 0.0 0.0 6.8 30.6 14:10 NW 23 15.8 19.5 14:40 14.0 20:40 0.0 0.3 6.0 7.5 24.4 03:00 SW 24 16.1 19.2 13:30 13.6 21:20 0.0 0.6 0.0 7.2 24.4 13:10 WSW 25 18.0 24.9 15:30 15.2 04:20 0.0 2.5 0.0 11.2 30.6 11:30 WSW 26 16.9 19.2 14:50 15.6 04:50 0.0 1.4 0.0 9.7 28.5 13:30 W 27 16.4 19.2 16:10 14.7 06:20 0.0 0.9 0.3 6.2 28.5 12:30 W 28 16.7 19.6 16:30 15.2 02:10 0.0 1.2 0.0 4.6 20.4 15:00 WNW 29 18.6 22.3 13:40 16.6 05:00 0.0 3.1 0.0 3.6 18.4 09:40 SE 30 17.9 24.6 15:00 14.3 01:10 0.0 2.4 3.0 4.6 26.5 14:20 SE 31 14.0 19.4 14:40 9.8 00:50 1.5 0.0 0.0 11.7 48.8 03:40 SW ---------------------------------------------------------------------------------- 16.2 24.9 25 6.1 14 11.6 33.4 104.0 7.6 48.8 31 WSW Max >= 30.0: 0 Max <= 0.0: 0 Min <= 0.0: 0 Min <= -18.0: 0 Max Rain: 20.5 on day 11 Days of Rain: 21 (>= 0.2 mm) 13 (>= 1.0 mm) 0 (>= 25.0 mm) Heat Base: 15.5 Cool Base: 15.5 Method: Integration