NOAA-Style Climate Reports
Select a Year or Month report
2024: Jan Feb Mar Apr May Jun Jul Aug Sep Oct Nov Dec
2023: Jan Feb Mar Apr May Jun Jul Aug Sep Oct Nov Dec
2022: Jan Feb Mar Apr May Jun Jul Aug Sep Oct Nov Dec
2021: Jan Feb Mar Apr May Jun Jul Aug Sep Oct Nov Dec
2020: Jan Feb Mar Apr May Jun Jul Aug Sep Oct Nov Dec
2019: Jan Feb Mar Apr May Jun Jul Aug Sep Oct Nov Dec
2018: Jan Feb Mar Apr May Jun Jul Aug Sep Oct Nov Dec
2017: Jan Feb Mar Apr May Jun Jul Aug Sep Oct Nov Dec
2016: Jan Feb Mar Apr May Jun Jul Aug Sep Oct Nov Dec
2015: Jan Feb Mar Apr May Jun Jul Aug Sep Oct Nov Dec
2014: Jan Feb Mar Apr May Jun Jul Aug Sep Oct Nov Dec
2013: Jan Feb Mar Apr May Jun Jul Aug Sep Oct Nov Dec
2012: Jan Feb Mar Apr May Jun Jul Aug Sep Oct Nov Dec
2011: Jan Feb Mar Apr May Jun Jul Aug Sep Oct Nov Dec
2010: Jan Feb Mar Apr May Jun Jul Aug Sep Oct Nov Dec
2009: Jan Feb Mar Apr May Jun Jul Aug Sep Oct Nov Dec
2008: Jan Feb Mar Apr May Jun Jul Aug Sep Oct Nov Dec
2007: Jan Feb Mar Apr May Jun Jul Aug Sep Oct Nov Dec
2006: Jan Feb Mar Apr May Jun Jul Aug Sep Oct Nov Dec
2005: Jan Feb Mar Apr May Jun Jul Aug Sep Oct Nov Dec
2004: Jan Feb Mar Apr May Jun Jul Aug Sep Oct Nov Dec
2024: Jan Feb Mar Apr May Jun Jul Aug Sep Oct Nov Dec
2023: Jan Feb Mar Apr May Jun Jul Aug Sep Oct Nov Dec
2022: Jan Feb Mar Apr May Jun Jul Aug Sep Oct Nov Dec
2021: Jan Feb Mar Apr May Jun Jul Aug Sep Oct Nov Dec
2020: Jan Feb Mar Apr May Jun Jul Aug Sep Oct Nov Dec
2019: Jan Feb Mar Apr May Jun Jul Aug Sep Oct Nov Dec
2018: Jan Feb Mar Apr May Jun Jul Aug Sep Oct Nov Dec
2017: Jan Feb Mar Apr May Jun Jul Aug Sep Oct Nov Dec
2016: Jan Feb Mar Apr May Jun Jul Aug Sep Oct Nov Dec
2015: Jan Feb Mar Apr May Jun Jul Aug Sep Oct Nov Dec
2014: Jan Feb Mar Apr May Jun Jul Aug Sep Oct Nov Dec
2013: Jan Feb Mar Apr May Jun Jul Aug Sep Oct Nov Dec
2012: Jan Feb Mar Apr May Jun Jul Aug Sep Oct Nov Dec
2011: Jan Feb Mar Apr May Jun Jul Aug Sep Oct Nov Dec
2010: Jan Feb Mar Apr May Jun Jul Aug Sep Oct Nov Dec
2009: Jan Feb Mar Apr May Jun Jul Aug Sep Oct Nov Dec
2008: Jan Feb Mar Apr May Jun Jul Aug Sep Oct Nov Dec
2007: Jan Feb Mar Apr May Jun Jul Aug Sep Oct Nov Dec
2006: Jan Feb Mar Apr May Jun Jul Aug Sep Oct Nov Dec
2005: Jan Feb Mar Apr May Jun Jul Aug Sep Oct Nov Dec
2004: Jan Feb Mar Apr May Jun Jul Aug Sep Oct Nov Dec
Report for 2008 May
Monthly Climatological Summary for May 2008 Name: Willand City: Willand State: Devon, UK (9am GMT end of day) Elevation: 79 m Lat: N 50° 53' 03" Lon: W 003° 22' 25" Temperature (°C), Rain (mm), Wind Speed (km/h) Heat Cool Avg Mean Deg Deg Wind Dom Day Temp High Time Low Time Days Days Rain Speed High Time Dir ---------------------------------------------------------------------------------- 1 9.3 15.3 15:20 3.9 04:20 6.2 0.0 0.6 4.9 36.6 12:10 WSW 2 12.4 17.2 15:30 8.5 22:40 3.1 0.0 0.9 7.8 28.5 16:00 SSE 3 16.2 20.3 14:50 13.8 04:40 0.0 0.7 0.0 9.7 32.6 20:20 SE 4 15.4 21.0 16:50 11.4 06:10 0.1 0.0 0.0 4.9 24.4 15:00 WSW 5 15.3 19.1 12:00 10.4 06:10 0.2 0.0 0.0 3.7 16.3 12:40 NNE 6 16.2 24.1 14:40 8.5 04:50 0.0 0.7 0.0 6.5 26.5 13:30 E 7 18.3 26.9 13:50 11.8 05:10 0.0 2.8 0.0 7.0 26.5 15:40 ENE 8 17.7 24.5 14:20 13.5 04:50 0.0 2.2 1.5 8.3 42.8 12:20 ESE 9 16.9 21.7 15:40 13.5 06:00 0.0 1.4 0.0 3.4 16.3 17:40 NE 10 17.8 24.5 16:20 10.5 03:50 0.0 2.3 0.0 3.8 20.4 08:40 SSE 11 18.7 27.3 15:40 10.1 05:40 0.0 3.2 0.0 5.0 30.6 13:40 NNE 12 18.9 27.1 15:20 11.7 05:30 0.0 3.4 0.0 11.2 42.8 09:20 NE 13 16.6 22.8 15:20 10.0 05:30 0.0 1.1 0.0 14.0 40.7 11:00 NNE 14 15.2 22.0 15:40 9.2 07:00 0.3 0.0 15.0 14.8 34.7 10:00 NNE 15 11.4 12.1 19:10 9.6 10:00 4.1 0.0 0.0 6.7 24.4 12:10 NNE 16 12.0 13.3 17:30 11.0 10:00 3.5 0.0 0.3 4.5 20.4 11:30 NNE 17 12.4 15.4 13:50 9.8 06:00 3.1 0.0 0.3 8.9 28.5 09:30 NE 18 11.7 17.8 14:20 5.3 05:40 3.8 0.0 0.0 10.4 30.6 10:10 NE 19 11.0 15.4 15:30 7.2 23:30 4.5 0.0 0.0 8.5 26.5 11:50 NE 20 10.9 18.0 15:50 3.7 04:50 4.6 0.0 0.0 6.1 20.4 11:00 SE 21 13.4 19.7 13:40 7.9 01:20 2.1 0.0 0.3 6.1 30.6 15:10 SE 22 13.8 19.5 14:10 9.3 05:50 1.7 0.0 1.2 4.7 30.6 14:20 SSE 23 16.8 22.6 13:50 11.6 05:40 0.0 1.3 0.0 11.8 48.8 09:20 NE 24 14.7 20.8 13:50 9.7 03:40 0.8 0.0 2.4 21.5 46.9 13:10 NNE 25 14.0 20.3 17:20 11.1 07:30 1.5 0.0 11.1 14.2 55.0 09:00 NNE 26 11.0 12.5 17:40 9.7 03:50 4.5 0.0 9.9 18.9 57.1 10:10 NNE 27 14.1 18.7 17:40 11.9 10:00 1.4 0.0 6.6 9.5 24.4 14:30 NNE 28 11.9 17.2 09:50 7.9 05:10 3.6 0.0 15.3 2.9 24.4 18:20 W 29 15.5 19.9 11:30 12.9 03:50 0.0 0.0 8.1 2.1 16.3 20:10 ENE 30 16.5 23.2 15:00 9.5 05:10 0.0 1.0 0.0 2.9 26.5 11:50 NNE 31 18.1 24.1 15:00 12.0 06:20 0.0 2.6 0.0 3.9 20.4 16:10 NNE ---------------------------------------------------------------------------------- 14.6 27.3 11 3.7 20 49.1 22.7 73.5 8.0 57.1 26 NE Max >= 30.0: 0 Max <= 0.0: 0 Min <= 0.0: 0 Min <= -18.0: 0 Max Rain: 15.3 on day 28 Days of Rain: 14 (>= 0.2 mm) 9 (>= 1.0 mm) 0 (>= 25.0 mm) Heat Base: 15.5 Cool Base: 15.5 Method: Integration