NOAA-Style Climate Reports
Select a Year or Month report
2024: Jan Feb Mar Apr May Jun Jul Aug Sep Oct Nov Dec
2023: Jan Feb Mar Apr May Jun Jul Aug Sep Oct Nov Dec
2022: Jan Feb Mar Apr May Jun Jul Aug Sep Oct Nov Dec
2021: Jan Feb Mar Apr May Jun Jul Aug Sep Oct Nov Dec
2020: Jan Feb Mar Apr May Jun Jul Aug Sep Oct Nov Dec
2019: Jan Feb Mar Apr May Jun Jul Aug Sep Oct Nov Dec
2018: Jan Feb Mar Apr May Jun Jul Aug Sep Oct Nov Dec
2017: Jan Feb Mar Apr May Jun Jul Aug Sep Oct Nov Dec
2016: Jan Feb Mar Apr May Jun Jul Aug Sep Oct Nov Dec
2015: Jan Feb Mar Apr May Jun Jul Aug Sep Oct Nov Dec
2014: Jan Feb Mar Apr May Jun Jul Aug Sep Oct Nov Dec
2013: Jan Feb Mar Apr May Jun Jul Aug Sep Oct Nov Dec
2012: Jan Feb Mar Apr May Jun Jul Aug Sep Oct Nov Dec
2011: Jan Feb Mar Apr May Jun Jul Aug Sep Oct Nov Dec
2010: Jan Feb Mar Apr May Jun Jul Aug Sep Oct Nov Dec
2009: Jan Feb Mar Apr May Jun Jul Aug Sep Oct Nov Dec
2008: Jan Feb Mar Apr May Jun Jul Aug Sep Oct Nov Dec
2007: Jan Feb Mar Apr May Jun Jul Aug Sep Oct Nov Dec
2006: Jan Feb Mar Apr May Jun Jul Aug Sep Oct Nov Dec
2005: Jan Feb Mar Apr May Jun Jul Aug Sep Oct Nov Dec
2004: Jan Feb Mar Apr May Jun Jul Aug Sep Oct Nov Dec
2024: Jan Feb Mar Apr May Jun Jul Aug Sep Oct Nov Dec
2023: Jan Feb Mar Apr May Jun Jul Aug Sep Oct Nov Dec
2022: Jan Feb Mar Apr May Jun Jul Aug Sep Oct Nov Dec
2021: Jan Feb Mar Apr May Jun Jul Aug Sep Oct Nov Dec
2020: Jan Feb Mar Apr May Jun Jul Aug Sep Oct Nov Dec
2019: Jan Feb Mar Apr May Jun Jul Aug Sep Oct Nov Dec
2018: Jan Feb Mar Apr May Jun Jul Aug Sep Oct Nov Dec
2017: Jan Feb Mar Apr May Jun Jul Aug Sep Oct Nov Dec
2016: Jan Feb Mar Apr May Jun Jul Aug Sep Oct Nov Dec
2015: Jan Feb Mar Apr May Jun Jul Aug Sep Oct Nov Dec
2014: Jan Feb Mar Apr May Jun Jul Aug Sep Oct Nov Dec
2013: Jan Feb Mar Apr May Jun Jul Aug Sep Oct Nov Dec
2012: Jan Feb Mar Apr May Jun Jul Aug Sep Oct Nov Dec
2011: Jan Feb Mar Apr May Jun Jul Aug Sep Oct Nov Dec
2010: Jan Feb Mar Apr May Jun Jul Aug Sep Oct Nov Dec
2009: Jan Feb Mar Apr May Jun Jul Aug Sep Oct Nov Dec
2008: Jan Feb Mar Apr May Jun Jul Aug Sep Oct Nov Dec
2007: Jan Feb Mar Apr May Jun Jul Aug Sep Oct Nov Dec
2006: Jan Feb Mar Apr May Jun Jul Aug Sep Oct Nov Dec
2005: Jan Feb Mar Apr May Jun Jul Aug Sep Oct Nov Dec
2004: Jan Feb Mar Apr May Jun Jul Aug Sep Oct Nov Dec
Report for 2007 December
Monthly Climatological Summary for Dec 2007 Name: Willand City: Willand State: Devon, UK (9am GMT end of day) Elevation: 79 m Lat: N 50° 53' 03" Lon: W 003° 22' 25" Temperature (°C), Rain (mm), Wind Speed (km/h) Heat Cool Avg Mean Deg Deg Wind Dom Day Temp High Time Low Time Days Days Rain Speed High Time Dir ---------------------------------------------------------------------------------- 1 8.6 12.0 08:50 6.6 09:00 6.9 0.0 6.9 16.3 50.9 14:00 WSW 2 8.6 12.9 09:50 4.6 08:10 6.9 0.0 16.0 18.6 59.1 10:10 W 3 8.4 10.8 13:00 5.5 02:50 7.1 0.0 1.2 8.9 40.7 13:10 W 4 13.2 14.3 13:30 9.9 09:00 2.3 0.0 5.4 14.8 40.7 02:30 SW 5 11.6 13.9 06:20 9.7 19:40 3.9 0.0 1.8 17.9 48.8 11:20 WSW 6 12.6 14.7 12:30 7.3 08:50 2.9 0.0 13.2 23.7 59.1 00:10 W 7 6.5 9.8 11:40 3.9 04:20 9.0 0.0 11.1 10.9 34.7 14:00 W 8 9.0 14.1 13:20 5.2 03:30 6.5 0.0 18.6 21.1 55.0 15:20 WSW 9 8.0 10.4 11:40 5.7 04:00 7.5 0.0 0.9 20.0 59.1 09:50 WNW 10 2.4 8.2 13:00 -3.0 08:30 13.1 0.0 0.0 6.1 34.7 12:00 NNW 11 0.3 4.6 13:50 -2.6 09:00 15.2 0.0 0.0 0.3 10.2 19:40 NNE 12 1.3 6.7 15:00 -1.7 03:20 14.2 0.0 0.0 0.1 6.2 09:10 WNW 13 3.8 8.4 13:40 0.4 09:00 11.7 0.0 0.3 4.3 20.4 13:40 ENE 14 2.7 6.6 10:40 1.8 02:20 12.8 0.0 0.0 8.1 20.4 02:00 ENE 15 2.0 2.6 10:10 1.3 05:40 13.5 0.0 0.0 13.1 24.4 16:10 NE 16 0.2 3.7 13:10 -2.6 02:30 15.3 0.0 0.0 8.4 32.6 08:40 NNE 17 2.1 3.0 17:10 0.2 09:00 13.4 0.0 0.0 15.5 34.7 13:10 NE 18 1.6 3.1 12:50 0.6 21:20 13.9 0.0 0.0 11.2 28.5 21:40 NE 19 1.5 3.8 13:00 -1.0 02:50 14.0 0.0 0.0 10.6 24.4 10:20 NNE 20 0.7 2.0 12:00 -1.0 20:00 14.8 0.0 0.0 6.8 18.4 12:10 NNE 21 2.7 3.4 05:20 1.6 09:00 12.8 0.0 0.0 7.2 16.3 11:40 NNE 22 3.1 9.7 14:10 -2.8 07:20 12.4 0.0 0.3 1.3 14.3 16:20 WNW 23 5.1 9.3 08:30 -2.7 09:00 10.4 0.0 0.0 2.3 16.3 02:50 S 24 10.2 11.1 12:30 7.3 08:50 5.3 0.0 11.1 7.5 24.4 21:10 SSW 25 5.0 7.9 13:00 1.1 08:50 10.5 0.0 0.0 2.0 20.4 22:20 WSW 26 8.2 11.0 05:00 1.0 09:00 7.3 0.0 0.3 4.7 24.4 04:00 SW 27 11.3 12.4 11:30 10.5 20:20 4.2 0.0 0.0 13.2 28.5 14:00 SW 28 8.6 11.6 20:40 3.8 06:40 6.9 0.0 9.3 17.7 57.1 21:30 SW 29 5.9 8.9 13:10 1.9 05:10 9.6 0.0 2.4 9.9 53.0 15:30 W 30 6.6 8.7 12:50 4.1 09:00 8.9 0.0 0.6 0.4 20.4 13:40 W 31 8.5 10.3 14:10 5.9 08:50 7.0 0.0 0.3 4.7 26.5 05:00 NNE ---------------------------------------------------------------------------------- 5.8 14.7 6 -3.0 10 300.2 0.0 99.7 9.9 59.1 2 WNW Max >= 30.0: 0 Max <= 0.0: 0 Min <= 0.0: 8 Min <= -18.0: 0 Max Rain: 18.6 on day 8 Days of Rain: 17 (>= 0.2 mm) 11 (>= 1.0 mm) 0 (>= 25.0 mm) Heat Base: 15.5 Cool Base: 15.5 Method: Integration