NOAA-Style Climate Reports
Select a Year or Month report
2024: Jan Feb Mar Apr May Jun Jul Aug Sep Oct Nov Dec
2023: Jan Feb Mar Apr May Jun Jul Aug Sep Oct Nov Dec
2022: Jan Feb Mar Apr May Jun Jul Aug Sep Oct Nov Dec
2021: Jan Feb Mar Apr May Jun Jul Aug Sep Oct Nov Dec
2020: Jan Feb Mar Apr May Jun Jul Aug Sep Oct Nov Dec
2019: Jan Feb Mar Apr May Jun Jul Aug Sep Oct Nov Dec
2018: Jan Feb Mar Apr May Jun Jul Aug Sep Oct Nov Dec
2017: Jan Feb Mar Apr May Jun Jul Aug Sep Oct Nov Dec
2016: Jan Feb Mar Apr May Jun Jul Aug Sep Oct Nov Dec
2015: Jan Feb Mar Apr May Jun Jul Aug Sep Oct Nov Dec
2014: Jan Feb Mar Apr May Jun Jul Aug Sep Oct Nov Dec
2013: Jan Feb Mar Apr May Jun Jul Aug Sep Oct Nov Dec
2012: Jan Feb Mar Apr May Jun Jul Aug Sep Oct Nov Dec
2011: Jan Feb Mar Apr May Jun Jul Aug Sep Oct Nov Dec
2010: Jan Feb Mar Apr May Jun Jul Aug Sep Oct Nov Dec
2009: Jan Feb Mar Apr May Jun Jul Aug Sep Oct Nov Dec
2008: Jan Feb Mar Apr May Jun Jul Aug Sep Oct Nov Dec
2007: Jan Feb Mar Apr May Jun Jul Aug Sep Oct Nov Dec
2006: Jan Feb Mar Apr May Jun Jul Aug Sep Oct Nov Dec
2005: Jan Feb Mar Apr May Jun Jul Aug Sep Oct Nov Dec
2004: Jan Feb Mar Apr May Jun Jul Aug Sep Oct Nov Dec
2024: Jan Feb Mar Apr May Jun Jul Aug Sep Oct Nov Dec
2023: Jan Feb Mar Apr May Jun Jul Aug Sep Oct Nov Dec
2022: Jan Feb Mar Apr May Jun Jul Aug Sep Oct Nov Dec
2021: Jan Feb Mar Apr May Jun Jul Aug Sep Oct Nov Dec
2020: Jan Feb Mar Apr May Jun Jul Aug Sep Oct Nov Dec
2019: Jan Feb Mar Apr May Jun Jul Aug Sep Oct Nov Dec
2018: Jan Feb Mar Apr May Jun Jul Aug Sep Oct Nov Dec
2017: Jan Feb Mar Apr May Jun Jul Aug Sep Oct Nov Dec
2016: Jan Feb Mar Apr May Jun Jul Aug Sep Oct Nov Dec
2015: Jan Feb Mar Apr May Jun Jul Aug Sep Oct Nov Dec
2014: Jan Feb Mar Apr May Jun Jul Aug Sep Oct Nov Dec
2013: Jan Feb Mar Apr May Jun Jul Aug Sep Oct Nov Dec
2012: Jan Feb Mar Apr May Jun Jul Aug Sep Oct Nov Dec
2011: Jan Feb Mar Apr May Jun Jul Aug Sep Oct Nov Dec
2010: Jan Feb Mar Apr May Jun Jul Aug Sep Oct Nov Dec
2009: Jan Feb Mar Apr May Jun Jul Aug Sep Oct Nov Dec
2008: Jan Feb Mar Apr May Jun Jul Aug Sep Oct Nov Dec
2007: Jan Feb Mar Apr May Jun Jul Aug Sep Oct Nov Dec
2006: Jan Feb Mar Apr May Jun Jul Aug Sep Oct Nov Dec
2005: Jan Feb Mar Apr May Jun Jul Aug Sep Oct Nov Dec
2004: Jan Feb Mar Apr May Jun Jul Aug Sep Oct Nov Dec
Report for 2007 September
Monthly Climatological Summary for Sep 2007 Name: Willand City: Willand State: Devon, UK (9am GMT end of day) Elevation: 79 m Lat: N 50° 53' 03" Lon: W 003° 22' 25" Temperature (°C), Rain (mm), Wind Speed (km/h) Heat Cool Avg Mean Deg Deg Wind Dom Day Temp High Time Low Time Days Days Rain Speed High Time Dir ---------------------------------------------------------------------------------- 1 16.3 19.8 15:40 12.1 01:10 0.0 0.8 0.0 6.0 20.4 12:40 W 2 17.1 21.2 15:10 13.3 06:50 0.0 1.6 0.0 8.1 32.6 17:20 W 3 14.0 20.9 15:50 6.6 07:00 1.5 0.0 0.0 5.4 26.5 13:00 NNW 4 14.7 21.8 15:30 8.9 05:30 0.8 0.0 0.0 2.6 20.4 15:30 NNW 5 17.1 22.5 15:40 10.1 06:00 0.0 1.6 0.0 4.2 20.4 13:20 WNW 6 17.4 22.3 15:10 13.2 02:50 0.0 1.9 0.0 3.9 20.4 11:10 NNE 7 17.5 25.0 13:50 10.6 07:00 0.0 2.0 0.0 3.0 16.3 17:40 NNE 8 17.3 23.7 15:20 12.5 23:40 0.0 1.8 0.0 3.6 24.4 17:20 NNE 9 16.2 20.6 14:30 12.2 01:50 0.0 0.7 0.0 3.4 16.3 09:30 WNW 10 14.2 21.1 14:20 7.6 07:10 1.3 0.0 0.0 6.4 34.7 16:10 NW 11 14.1 22.3 13:50 8.1 04:30 1.4 0.0 0.0 2.4 18.4 10:10 NE 12 14.7 20.2 15:30 8.7 05:50 0.8 0.0 0.0 3.7 20.4 16:10 NNE 13 16.2 24.1 14:10 11.3 01:10 0.0 0.7 0.0 3.5 16.3 15:30 SW 14 13.0 19.8 14:10 6.4 07:10 2.5 0.0 0.0 4.4 24.4 14:30 WNW 15 13.3 21.9 15:00 6.2 07:00 2.2 0.0 0.0 2.0 14.3 15:00 SSW 16 14.5 21.2 16:00 8.9 06:20 1.0 0.0 0.0 5.6 26.5 16:00 WSW 17 10.7 16.5 15:00 4.3 06:10 4.8 0.0 0.0 8.2 28.5 15:40 NW 18 11.6 16.8 14:40 7.3 22:40 3.9 0.0 0.0 5.6 26.5 09:50 W 19 15.9 18.8 15:50 14.4 04:50 0.0 0.4 0.0 11.3 34.7 13:10 WSW 20 16.9 21.1 14:10 14.6 06:50 0.0 1.4 0.9 10.0 34.7 14:30 WSW 21 15.0 19.1 17:00 11.6 06:40 0.5 0.0 0.6 3.4 24.4 10:10 SW 22 16.4 21.6 12:20 12.4 22:20 0.0 0.9 0.0 5.6 20.4 13:20 S 23 15.8 18.5 17:30 11.3 07:40 0.0 0.3 15.1 9.7 36.6 04:30 SW 24 11.5 17.2 14:00 8.6 07:10 4.0 0.0 3.0 10.1 40.7 13:50 WSW 25 10.6 15.8 13:30 6.1 07:20 4.9 0.0 1.5 6.9 30.6 17:40 NW 26 8.9 13.2 14:40 5.7 05:30 6.6 0.0 3.3 8.4 28.5 15:10 N 27 11.5 14.6 14:10 8.9 10:00 4.0 0.0 0.0 9.6 30.6 13:20 N 28 13.2 16.3 14:40 11.7 22:00 2.3 0.0 0.6 7.0 30.6 11:00 N 29 13.3 16.8 14:10 10.4 07:40 2.2 0.0 0.6 4.2 20.4 14:00 NNE 30 14.8 18.4 13:10 12.4 10:00 0.7 0.0 11.4 6.7 22.4 23:00 ENE ---------------------------------------------------------------------------------- 14.5 25.0 7 4.3 17 45.4 14.1 37.0 5.9 40.7 24 WNW Max >= 30.0: 0 Max <= 0.0: 0 Min <= 0.0: 0 Min <= -18.0: 0 Max Rain: 15.1 on day 23 Days of Rain: 9 (>= 0.2 mm) 5 (>= 1.0 mm) 0 (>= 25.0 mm) Heat Base: 15.5 Cool Base: 15.5 Method: Integration