NOAA-Style Climate Reports
Select a Year or Month report
2024: Jan Feb Mar Apr May Jun Jul Aug Sep Oct Nov Dec
2023: Jan Feb Mar Apr May Jun Jul Aug Sep Oct Nov Dec
2022: Jan Feb Mar Apr May Jun Jul Aug Sep Oct Nov Dec
2021: Jan Feb Mar Apr May Jun Jul Aug Sep Oct Nov Dec
2020: Jan Feb Mar Apr May Jun Jul Aug Sep Oct Nov Dec
2019: Jan Feb Mar Apr May Jun Jul Aug Sep Oct Nov Dec
2018: Jan Feb Mar Apr May Jun Jul Aug Sep Oct Nov Dec
2017: Jan Feb Mar Apr May Jun Jul Aug Sep Oct Nov Dec
2016: Jan Feb Mar Apr May Jun Jul Aug Sep Oct Nov Dec
2015: Jan Feb Mar Apr May Jun Jul Aug Sep Oct Nov Dec
2014: Jan Feb Mar Apr May Jun Jul Aug Sep Oct Nov Dec
2013: Jan Feb Mar Apr May Jun Jul Aug Sep Oct Nov Dec
2012: Jan Feb Mar Apr May Jun Jul Aug Sep Oct Nov Dec
2011: Jan Feb Mar Apr May Jun Jul Aug Sep Oct Nov Dec
2010: Jan Feb Mar Apr May Jun Jul Aug Sep Oct Nov Dec
2009: Jan Feb Mar Apr May Jun Jul Aug Sep Oct Nov Dec
2008: Jan Feb Mar Apr May Jun Jul Aug Sep Oct Nov Dec
2007: Jan Feb Mar Apr May Jun Jul Aug Sep Oct Nov Dec
2006: Jan Feb Mar Apr May Jun Jul Aug Sep Oct Nov Dec
2005: Jan Feb Mar Apr May Jun Jul Aug Sep Oct Nov Dec
2004: Jan Feb Mar Apr May Jun Jul Aug Sep Oct Nov Dec
2024: Jan Feb Mar Apr May Jun Jul Aug Sep Oct Nov Dec
2023: Jan Feb Mar Apr May Jun Jul Aug Sep Oct Nov Dec
2022: Jan Feb Mar Apr May Jun Jul Aug Sep Oct Nov Dec
2021: Jan Feb Mar Apr May Jun Jul Aug Sep Oct Nov Dec
2020: Jan Feb Mar Apr May Jun Jul Aug Sep Oct Nov Dec
2019: Jan Feb Mar Apr May Jun Jul Aug Sep Oct Nov Dec
2018: Jan Feb Mar Apr May Jun Jul Aug Sep Oct Nov Dec
2017: Jan Feb Mar Apr May Jun Jul Aug Sep Oct Nov Dec
2016: Jan Feb Mar Apr May Jun Jul Aug Sep Oct Nov Dec
2015: Jan Feb Mar Apr May Jun Jul Aug Sep Oct Nov Dec
2014: Jan Feb Mar Apr May Jun Jul Aug Sep Oct Nov Dec
2013: Jan Feb Mar Apr May Jun Jul Aug Sep Oct Nov Dec
2012: Jan Feb Mar Apr May Jun Jul Aug Sep Oct Nov Dec
2011: Jan Feb Mar Apr May Jun Jul Aug Sep Oct Nov Dec
2010: Jan Feb Mar Apr May Jun Jul Aug Sep Oct Nov Dec
2009: Jan Feb Mar Apr May Jun Jul Aug Sep Oct Nov Dec
2008: Jan Feb Mar Apr May Jun Jul Aug Sep Oct Nov Dec
2007: Jan Feb Mar Apr May Jun Jul Aug Sep Oct Nov Dec
2006: Jan Feb Mar Apr May Jun Jul Aug Sep Oct Nov Dec
2005: Jan Feb Mar Apr May Jun Jul Aug Sep Oct Nov Dec
2004: Jan Feb Mar Apr May Jun Jul Aug Sep Oct Nov Dec
Report for 2006 May
Monthly Climatological Summary for May 2006 Name: Willand City: Willand State: Devon, UK (9am GMT end of day) Elevation: 79 m Lat: N 50° 53' 03" Lon: W 003° 22' 25" Temperature (°C), Rain (mm), Wind Speed (km/h) Heat Cool Avg Mean Deg Deg Wind Dom Day Temp High Time Low Time Days Days Rain Speed High Time Dir ---------------------------------------------------------------------------------- 1 8.5 14.2 16:20 2.6 02:40 7.0 0.0 0.3 7.6 30.6 14:10 W 2 11.6 14.7 09:50 7.6 06:20 3.9 0.0 0.6 8.5 34.7 10:20 S 3 14.1 20.0 13:50 10.1 23:30 1.4 0.0 0.0 5.2 20.4 10:40 SSE 4 14.8 22.9 12:30 6.8 06:20 0.7 0.0 1.2 5.6 24.4 10:30 SSE 5 11.9 19.3 15:10 5.3 05:20 3.6 0.0 0.0 4.0 20.4 13:30 S 6 11.2 17.6 13:50 4.3 06:10 4.3 0.0 0.0 4.3 20.4 10:40 SSE 7 13.0 20.3 15:00 10.2 05:10 2.5 0.0 7.8 2.6 16.3 15:20 ESE 8 11.0 15.9 12:20 6.7 05:30 4.5 0.0 2.1 3.5 16.6 14:00 WNW 9 12.8 19.6 15:20 6.2 05:00 2.7 0.0 0.0 2.1 16.6 18:00 NW 10 16.2 22.6 16:50 9.4 05:30 0.0 0.7 0.0 2.8 16.6 10:20 NE 11 16.2 24.1 15:00 7.7 05:30 0.0 0.7 0.0 1.3 14.8 15:20 SSW 12 16.2 24.8 14:10 11.5 04:50 0.0 0.7 0.0 5.0 16.6 06:30 W 13 10.8 15.7 14:00 5.5 04:00 4.7 0.0 0.0 5.7 16.6 10:40 W 14 13.8 20.2 14:10 10.4 01:40 1.7 0.0 2.4 3.8 16.6 17:20 S 15 14.3 19.7 16:40 10.4 01:50 1.2 0.0 0.0 6.4 16.6 12:30 WSW 16 13.8 18.8 12:00 10.9 01:00 1.7 0.0 0.0 3.6 16.6 14:00 S 17 13.3 16.2 09:40 10.8 00:10 2.2 0.0 8.1 8.5 22.3 16:10 S 18 13.6 17.4 12:00 11.4 22:30 1.9 0.0 4.5 20.1 50.0 14:50 WSW 19 12.0 16.2 12:40 7.9 04:30 3.5 0.0 16.2 11.1 42.5 11:40 WSW 20 12.0 16.0 13:10 9.2 03:40 3.5 0.0 7.2 8.4 44.3 12:10 W 21 12.8 16.6 18:10 10.8 00:30 2.7 0.0 22.8 13.9 40.7 16:10 SSW 22 9.0 14.2 10:10 4.3 05:30 6.5 0.0 0.3 8.9 40.7 11:40 WNW 23 11.2 15.2 15:00 8.3 04:10 4.3 0.0 1.8 13.7 38.9 09:40 W 24 12.1 15.1 14:10 10.0 20:20 3.4 0.0 16.5 8.7 37.1 11:30 W 25 15.5 19.3 16:10 13.3 03:30 0.0 0.0 0.3 8.7 29.5 09:50 W 26 14.6 17.2 12:50 13.4 04:20 0.9 0.0 0.6 10.1 46.4 10:20 W 27 12.8 16.6 12:00 8.0 05:30 2.7 0.0 1.2 7.3 16.6 10:00 W 28 12.4 16.2 13:30 8.9 05:00 3.1 0.0 0.0 7.9 16.6 12:30 WNW 29 10.4 15.1 14:20 4.1 04:20 5.1 0.0 0.0 6.8 27.7 16:50 NW 30 10.1 16.1 15:00 2.4 05:20 5.4 0.0 0.0 5.4 25.9 17:20 NW 31 11.2 18.9 15:20 3.1 05:30 4.3 0.0 0.0 3.3 16.6 18:10 WNW ---------------------------------------------------------------------------------- 12.7 24.8 12 2.4 30 89.4 2.1 93.9 6.9 50.0 18 WSW Max >= 30.0: 0 Max <= 0.0: 0 Min <= 0.0: 0 Min <= -18.0: 0 Max Rain: 22.8 on day 21 Days of Rain: 17 (>= 0.2 mm) 12 (>= 1.0 mm) 0 (>= 25.0 mm) Heat Base: 15.5 Cool Base: 15.5 Method: Integration