NOAA-Style Climate Reports
Select a Year or Month report
2024: Jan Feb Mar Apr May Jun Jul Aug Sep Oct Nov Dec
2023: Jan Feb Mar Apr May Jun Jul Aug Sep Oct Nov Dec
2022: Jan Feb Mar Apr May Jun Jul Aug Sep Oct Nov Dec
2021: Jan Feb Mar Apr May Jun Jul Aug Sep Oct Nov Dec
2020: Jan Feb Mar Apr May Jun Jul Aug Sep Oct Nov Dec
2019: Jan Feb Mar Apr May Jun Jul Aug Sep Oct Nov Dec
2018: Jan Feb Mar Apr May Jun Jul Aug Sep Oct Nov Dec
2017: Jan Feb Mar Apr May Jun Jul Aug Sep Oct Nov Dec
2016: Jan Feb Mar Apr May Jun Jul Aug Sep Oct Nov Dec
2015: Jan Feb Mar Apr May Jun Jul Aug Sep Oct Nov Dec
2014: Jan Feb Mar Apr May Jun Jul Aug Sep Oct Nov Dec
2013: Jan Feb Mar Apr May Jun Jul Aug Sep Oct Nov Dec
2012: Jan Feb Mar Apr May Jun Jul Aug Sep Oct Nov Dec
2011: Jan Feb Mar Apr May Jun Jul Aug Sep Oct Nov Dec
2010: Jan Feb Mar Apr May Jun Jul Aug Sep Oct Nov Dec
2009: Jan Feb Mar Apr May Jun Jul Aug Sep Oct Nov Dec
2008: Jan Feb Mar Apr May Jun Jul Aug Sep Oct Nov Dec
2007: Jan Feb Mar Apr May Jun Jul Aug Sep Oct Nov Dec
2006: Jan Feb Mar Apr May Jun Jul Aug Sep Oct Nov Dec
2005: Jan Feb Mar Apr May Jun Jul Aug Sep Oct Nov Dec
2004: Jan Feb Mar Apr May Jun Jul Aug Sep Oct Nov Dec
2024: Jan Feb Mar Apr May Jun Jul Aug Sep Oct Nov Dec
2023: Jan Feb Mar Apr May Jun Jul Aug Sep Oct Nov Dec
2022: Jan Feb Mar Apr May Jun Jul Aug Sep Oct Nov Dec
2021: Jan Feb Mar Apr May Jun Jul Aug Sep Oct Nov Dec
2020: Jan Feb Mar Apr May Jun Jul Aug Sep Oct Nov Dec
2019: Jan Feb Mar Apr May Jun Jul Aug Sep Oct Nov Dec
2018: Jan Feb Mar Apr May Jun Jul Aug Sep Oct Nov Dec
2017: Jan Feb Mar Apr May Jun Jul Aug Sep Oct Nov Dec
2016: Jan Feb Mar Apr May Jun Jul Aug Sep Oct Nov Dec
2015: Jan Feb Mar Apr May Jun Jul Aug Sep Oct Nov Dec
2014: Jan Feb Mar Apr May Jun Jul Aug Sep Oct Nov Dec
2013: Jan Feb Mar Apr May Jun Jul Aug Sep Oct Nov Dec
2012: Jan Feb Mar Apr May Jun Jul Aug Sep Oct Nov Dec
2011: Jan Feb Mar Apr May Jun Jul Aug Sep Oct Nov Dec
2010: Jan Feb Mar Apr May Jun Jul Aug Sep Oct Nov Dec
2009: Jan Feb Mar Apr May Jun Jul Aug Sep Oct Nov Dec
2008: Jan Feb Mar Apr May Jun Jul Aug Sep Oct Nov Dec
2007: Jan Feb Mar Apr May Jun Jul Aug Sep Oct Nov Dec
2006: Jan Feb Mar Apr May Jun Jul Aug Sep Oct Nov Dec
2005: Jan Feb Mar Apr May Jun Jul Aug Sep Oct Nov Dec
2004: Jan Feb Mar Apr May Jun Jul Aug Sep Oct Nov Dec
Report for 2005 March
Monthly Climatological Summary for Mar 2005 Name: Willand City: Willand State: Devon, UK (9am GMT end of day) Elevation: 79 m Lat: N 50° 53' 03" Lon: W 003° 22' 25" Temperature (°C), Rain (mm), Wind Speed (km/h) Heat Cool Avg Mean Deg Deg Wind Dom Day Temp High Time Low Time Days Days Rain Speed High Time Dir ---------------------------------------------------------------------------------- 1 2.1 6.7 12:00 -1.2 03:00 13.4 0.0 6.0 1.5 16.3 11:50 WSW 2 1.7 4.3 11:30 -0.2 03:50 13.8 0.0 0.6 6.5 18.4 13:40 N 3 0.2 4.9 13:30 -4.4 03:30 15.3 0.0 0.0 3.1 16.6 10:30 N 4 4.5 8.9 15:20 0.6 22:10 11.0 0.0 1.5 7.2 16.6 10:50 NW 5 3.8 7.7 12:00 0.0 05:50 11.7 0.0 0.3 8.0 16.6 11:20 N 6 0.0 6.3 13:40 -4.6 03:40 15.5 0.0 0.0 2.5 16.6 09:00 NNE 7 5.2 8.3 13:40 -0.2 09:00 10.3 0.0 0.0 1.6 16.6 11:50 NW 8 6.2 9.3 13:20 2.7 07:20 9.3 0.0 0.3 1.3 13.0 12:10 NW 9 5.7 7.9 14:50 3.7 06:20 9.8 0.0 0.0 1.4 13.0 10:30 N 10 7.8 10.5 14:30 6.0 23:40 7.7 0.0 0.0 5.2 16.6 17:20 WNW 11 6.3 9.0 10:30 2.6 05:30 9.2 0.0 1.8 11.3 40.7 13:40 WNW 12 4.9 9.2 14:10 0.1 00:30 10.6 0.0 0.0 5.2 16.6 09:30 NW 13 3.6 9.2 13:40 -0.2 01:10 11.9 0.0 0.0 1.8 16.6 11:20 WNW 14 8.3 10.7 14:40 5.0 09:00 7.2 0.0 0.0 7.2 16.6 10:30 SSW 15 12.1 14.0 15:20 9.8 09:20 3.4 0.0 0.0 10.1 16.6 09:40 SW 16 12.6 13.5 14:50 11.8 23:10 2.9 0.0 1.8 12.2 16.6 09:00 SW 17 11.4 17.7 12:30 9.1 21:30 4.1 0.0 1.8 6.3 16.6 10:30 W 18 9.9 18.6 14:00 3.5 06:50 5.6 0.0 0.0 2.0 14.8 15:10 SSE 19 11.3 19.4 13:50 6.7 02:20 4.2 0.0 0.0 2.5 14.8 13:40 SE 20 13.9 19.3 13:50 11.0 04:50 1.6 0.0 0.0 7.3 16.6 10:30 SE 21 12.4 14.9 11:50 10.6 07:30 3.1 0.0 10.5 9.4 16.6 10:10 SSE 22 10.8 13.9 12:40 8.9 20:40 4.7 0.0 2.1 6.8 16.6 09:30 S 23 12.6 16.9 14:30 9.2 01:40 2.9 0.0 2.4 9.0 37.1 17:50 SE 24 11.4 15.7 12:00 8.3 03:00 4.1 0.0 0.0 4.7 24.1 15:50 SSW 25 9.3 16.9 14:40 3.7 02:40 6.2 0.0 0.0 2.5 16.6 15:10 SE 26 11.9 18.0 14:40 8.7 08:00 3.6 0.0 0.0 5.1 16.6 10:00 NE 27 9.0 12.1 16:00 7.1 06:00 6.5 0.0 0.6 1.3 16.6 12:30 NE 28 9.5 13.5 14:00 2.3 08:20 6.0 0.0 8.4 3.9 16.6 09:00 SE 29 8.0 9.3 14:50 6.7 05:00 7.5 0.0 13.2 4.8 16.6 10:40 N 30 8.7 11.7 13:50 6.2 00:30 6.8 0.0 0.0 4.4 16.6 13:50 NW 31 8.9 11.2 15:20 6.4 07:40 6.6 0.0 0.0 1.6 12.2 02:10 SSE ---------------------------------------------------------------------------------- 7.9 19.4 19 -4.6 6 236.5 0.0 51.3 4.9 40.7 11 WSW Max >= 30.0: 0 Max <= 0.0: 0 Min <= 0.0: 7 Min <= -18.0: 0 Max Rain: 13.2 on day 29 Days of Rain: 14 (>= 0.2 mm) 10 (>= 1.0 mm) 0 (>= 25.0 mm) Heat Base: 15.5 Cool Base: 15.5 Method: Integration