NOAA-Style Climate Reports
Select a Year or Month report
2024: Jan Feb Mar Apr May Jun Jul Aug Sep Oct Nov Dec
2023: Jan Feb Mar Apr May Jun Jul Aug Sep Oct Nov Dec
2022: Jan Feb Mar Apr May Jun Jul Aug Sep Oct Nov Dec
2021: Jan Feb Mar Apr May Jun Jul Aug Sep Oct Nov Dec
2020: Jan Feb Mar Apr May Jun Jul Aug Sep Oct Nov Dec
2019: Jan Feb Mar Apr May Jun Jul Aug Sep Oct Nov Dec
2018: Jan Feb Mar Apr May Jun Jul Aug Sep Oct Nov Dec
2017: Jan Feb Mar Apr May Jun Jul Aug Sep Oct Nov Dec
2016: Jan Feb Mar Apr May Jun Jul Aug Sep Oct Nov Dec
2015: Jan Feb Mar Apr May Jun Jul Aug Sep Oct Nov Dec
2014: Jan Feb Mar Apr May Jun Jul Aug Sep Oct Nov Dec
2013: Jan Feb Mar Apr May Jun Jul Aug Sep Oct Nov Dec
2012: Jan Feb Mar Apr May Jun Jul Aug Sep Oct Nov Dec
2011: Jan Feb Mar Apr May Jun Jul Aug Sep Oct Nov Dec
2010: Jan Feb Mar Apr May Jun Jul Aug Sep Oct Nov Dec
2009: Jan Feb Mar Apr May Jun Jul Aug Sep Oct Nov Dec
2008: Jan Feb Mar Apr May Jun Jul Aug Sep Oct Nov Dec
2007: Jan Feb Mar Apr May Jun Jul Aug Sep Oct Nov Dec
2006: Jan Feb Mar Apr May Jun Jul Aug Sep Oct Nov Dec
2005: Jan Feb Mar Apr May Jun Jul Aug Sep Oct Nov Dec
2004: Jan Feb Mar Apr May Jun Jul Aug Sep Oct Nov Dec
2024: Jan Feb Mar Apr May Jun Jul Aug Sep Oct Nov Dec
2023: Jan Feb Mar Apr May Jun Jul Aug Sep Oct Nov Dec
2022: Jan Feb Mar Apr May Jun Jul Aug Sep Oct Nov Dec
2021: Jan Feb Mar Apr May Jun Jul Aug Sep Oct Nov Dec
2020: Jan Feb Mar Apr May Jun Jul Aug Sep Oct Nov Dec
2019: Jan Feb Mar Apr May Jun Jul Aug Sep Oct Nov Dec
2018: Jan Feb Mar Apr May Jun Jul Aug Sep Oct Nov Dec
2017: Jan Feb Mar Apr May Jun Jul Aug Sep Oct Nov Dec
2016: Jan Feb Mar Apr May Jun Jul Aug Sep Oct Nov Dec
2015: Jan Feb Mar Apr May Jun Jul Aug Sep Oct Nov Dec
2014: Jan Feb Mar Apr May Jun Jul Aug Sep Oct Nov Dec
2013: Jan Feb Mar Apr May Jun Jul Aug Sep Oct Nov Dec
2012: Jan Feb Mar Apr May Jun Jul Aug Sep Oct Nov Dec
2011: Jan Feb Mar Apr May Jun Jul Aug Sep Oct Nov Dec
2010: Jan Feb Mar Apr May Jun Jul Aug Sep Oct Nov Dec
2009: Jan Feb Mar Apr May Jun Jul Aug Sep Oct Nov Dec
2008: Jan Feb Mar Apr May Jun Jul Aug Sep Oct Nov Dec
2007: Jan Feb Mar Apr May Jun Jul Aug Sep Oct Nov Dec
2006: Jan Feb Mar Apr May Jun Jul Aug Sep Oct Nov Dec
2005: Jan Feb Mar Apr May Jun Jul Aug Sep Oct Nov Dec
2004: Jan Feb Mar Apr May Jun Jul Aug Sep Oct Nov Dec
Report for 2005 January
Monthly Climatological Summary for Jan 2005 Name: Willand City: Willand State: Devon, UK (9am GMT end of day) Elevation: 79 m Lat: N 50° 53' 03" Lon: W 003° 22' 25" Temperature (°C), Rain (mm), Wind Speed (km/h) Heat Cool Avg Mean Deg Deg Wind Dom Day Temp High Time Low Time Days Days Rain Speed High Time Dir ---------------------------------------------------------------------------------- 1 7.6 12.3 15:20 3.3 07:40 7.9 0.0 1.8 12.7 44.8 16:10 W 2 6.1 8.6 14:10 3.4 22:20 9.4 0.0 1.2 7.9 26.5 14:10 W 3 9.5 10.4 14:20 7.5 09:00 6.0 0.0 0.0 13.5 36.6 05:40 WSW 4 5.4 11.2 11:10 0.7 03:50 10.1 0.0 1.2 5.1 40.7 11:20 WSW 5 7.1 9.4 18:10 3.1 09:00 8.4 0.0 1.5 8.0 34.7 18:20 WSW 6 11.2 12.9 03:20 5.8 09:00 4.3 0.0 0.0 15.3 38.7 04:30 WSW 7 11.5 13.6 12:30 6.0 08:50 4.0 0.0 2.1 26.5 59.1 07:30 WSW 8 6.3 8.9 13:10 4.7 03:50 9.2 0.0 0.6 10.3 44.8 09:40 WSW 9 11.9 13.7 21:10 8.0 09:00 3.6 0.0 9.6 17.7 46.9 02:20 SW 10 8.9 11.5 14:20 6.4 23:40 6.6 0.0 0.0 4.5 22.4 07:30 SW 11 8.6 13.3 14:20 5.1 08:30 6.9 0.0 3.0 16.4 55.0 14:40 WSW 12 4.5 9.4 14:10 0.4 07:00 11.0 0.0 1.2 4.7 22.4 12:10 W 13 4.8 9.6 13:50 0.3 01:00 10.7 0.0 0.0 1.5 18.4 08:20 SSE 14 9.3 10.8 04:30 7.9 09:00 6.2 0.0 2.1 9.4 22.4 10:10 SSE 15 8.9 10.3 10:10 7.3 21:00 6.6 0.0 1.5 4.2 20.4 09:10 SSE 16 8.2 12.2 13:20 3.7 20:50 7.3 0.0 0.0 7.9 28.5 13:00 SW 17 6.0 10.2 11:50 1.4 07:00 9.5 0.0 8.1 14.0 28.5 20:50 W 18 6.2 7.6 15:10 2.6 09:00 9.3 0.0 2.1 13.1 42.8 15:00 WNW 19 10.9 12.5 19:50 6.5 09:00 4.6 0.0 1.8 14.5 50.9 02:00 WNW 20 10.6 12.6 11:20 6.6 08:50 4.9 0.0 0.0 20.1 55.0 14:50 WNW 21 6.3 9.8 13:00 4.1 05:50 9.2 0.0 6.0 3.6 22.4 14:00 NNW 22 4.1 7.8 17:50 1.1 07:30 11.4 0.0 12.3 6.9 32.6 23:00 NNE 23 2.1 5.3 12:10 -0.1 22:00 13.4 0.0 0.0 3.6 20.4 09:30 NNW 24 3.1 4.9 14:20 0.7 09:00 12.4 0.0 0.0 2.6 14.3 12:30 N 25 4.1 6.4 14:20 -0.2 08:20 11.4 0.0 0.0 3.4 16.3 19:50 N 26 4.1 6.1 08:50 -0.2 09:00 11.4 0.0 0.0 3.4 16.3 13:00 N 27 6.4 8.2 11:30 3.6 05:20 9.1 0.0 0.0 4.3 18.4 14:40 NNW 28 7.2 9.6 14:40 5.5 09:00 8.3 0.0 0.3 6.0 22.4 11:30 N 29 4.6 7.5 08:40 1.0 02:40 10.9 0.0 0.0 1.5 16.3 06:50 NNW 30 6.5 9.8 13:20 1.9 01:00 9.0 0.0 0.0 4.5 16.3 15:30 NNW 31 9.8 11.1 12:50 6.0 09:00 5.7 0.0 0.0 7.9 22.4 16:10 NW ---------------------------------------------------------------------------------- 7.2 13.7 9 -0.2 25 258.7 0.0 56.4 9.0 59.1 7 W Max >= 30.0: 0 Max <= 0.0: 0 Min <= 0.0: 3 Min <= -18.0: 0 Max Rain: 12.3 on day 22 Days of Rain: 17 (>= 0.2 mm) 15 (>= 1.0 mm) 0 (>= 25.0 mm) Heat Base: 15.5 Cool Base: 15.5 Method: Integration