NOAA-Style Climate Reports
Select a Year or Month report
2024: Jan Feb Mar Apr May Jun Jul Aug Sep Oct Nov Dec
2023: Jan Feb Mar Apr May Jun Jul Aug Sep Oct Nov Dec
2022: Jan Feb Mar Apr May Jun Jul Aug Sep Oct Nov Dec
2021: Jan Feb Mar Apr May Jun Jul Aug Sep Oct Nov Dec
2020: Jan Feb Mar Apr May Jun Jul Aug Sep Oct Nov Dec
2019: Jan Feb Mar Apr May Jun Jul Aug Sep Oct Nov Dec
2018: Jan Feb Mar Apr May Jun Jul Aug Sep Oct Nov Dec
2017: Jan Feb Mar Apr May Jun Jul Aug Sep Oct Nov Dec
2016: Jan Feb Mar Apr May Jun Jul Aug Sep Oct Nov Dec
2015: Jan Feb Mar Apr May Jun Jul Aug Sep Oct Nov Dec
2014: Jan Feb Mar Apr May Jun Jul Aug Sep Oct Nov Dec
2013: Jan Feb Mar Apr May Jun Jul Aug Sep Oct Nov Dec
2012: Jan Feb Mar Apr May Jun Jul Aug Sep Oct Nov Dec
2011: Jan Feb Mar Apr May Jun Jul Aug Sep Oct Nov Dec
2010: Jan Feb Mar Apr May Jun Jul Aug Sep Oct Nov Dec
2009: Jan Feb Mar Apr May Jun Jul Aug Sep Oct Nov Dec
2008: Jan Feb Mar Apr May Jun Jul Aug Sep Oct Nov Dec
2007: Jan Feb Mar Apr May Jun Jul Aug Sep Oct Nov Dec
2006: Jan Feb Mar Apr May Jun Jul Aug Sep Oct Nov Dec
2005: Jan Feb Mar Apr May Jun Jul Aug Sep Oct Nov Dec
2004: Jan Feb Mar Apr May Jun Jul Aug Sep Oct Nov Dec
2024: Jan Feb Mar Apr May Jun Jul Aug Sep Oct Nov Dec
2023: Jan Feb Mar Apr May Jun Jul Aug Sep Oct Nov Dec
2022: Jan Feb Mar Apr May Jun Jul Aug Sep Oct Nov Dec
2021: Jan Feb Mar Apr May Jun Jul Aug Sep Oct Nov Dec
2020: Jan Feb Mar Apr May Jun Jul Aug Sep Oct Nov Dec
2019: Jan Feb Mar Apr May Jun Jul Aug Sep Oct Nov Dec
2018: Jan Feb Mar Apr May Jun Jul Aug Sep Oct Nov Dec
2017: Jan Feb Mar Apr May Jun Jul Aug Sep Oct Nov Dec
2016: Jan Feb Mar Apr May Jun Jul Aug Sep Oct Nov Dec
2015: Jan Feb Mar Apr May Jun Jul Aug Sep Oct Nov Dec
2014: Jan Feb Mar Apr May Jun Jul Aug Sep Oct Nov Dec
2013: Jan Feb Mar Apr May Jun Jul Aug Sep Oct Nov Dec
2012: Jan Feb Mar Apr May Jun Jul Aug Sep Oct Nov Dec
2011: Jan Feb Mar Apr May Jun Jul Aug Sep Oct Nov Dec
2010: Jan Feb Mar Apr May Jun Jul Aug Sep Oct Nov Dec
2009: Jan Feb Mar Apr May Jun Jul Aug Sep Oct Nov Dec
2008: Jan Feb Mar Apr May Jun Jul Aug Sep Oct Nov Dec
2007: Jan Feb Mar Apr May Jun Jul Aug Sep Oct Nov Dec
2006: Jan Feb Mar Apr May Jun Jul Aug Sep Oct Nov Dec
2005: Jan Feb Mar Apr May Jun Jul Aug Sep Oct Nov Dec
2004: Jan Feb Mar Apr May Jun Jul Aug Sep Oct Nov Dec
Report for 2004 August
Monthly Climatological Summary for Aug 2004 Name: Willand City: Willand State: Devon, UK (9am GMT end of day) Elevation: 79 m Lat: N 50° 53' 03" Lon: W 003° 22' 25" Temperature (°C), Rain (mm), Wind Speed (km/h) Heat Cool Avg Mean Deg Deg Wind Dom Day Temp High Time Low Time Days Days Rain Speed High Time Dir ---------------------------------------------------------------------------------- 1 21.3 29.7 15:50 14.4 02:30 0.0 5.8 0.0 4.3 20.4 14:30 ESE 2 20.5 26.9 15:00 17.2 01:20 0.0 5.0 0.0 5.1 22.4 12:40 SE 3 19.3 26.0 15:30 13.3 06:00 0.0 3.8 0.0 1.5 14.3 16:30 WSW 4 19.1 26.1 14:50 13.3 06:00 0.0 3.6 0.0 3.2 14.3 17:50 WNW 5 18.8 29.9 15:10 10.3 06:00 0.0 3.3 0.0 2.7 16.3 16:10 WSW 6 18.4 26.4 16:00 11.8 05:30 0.0 2.9 0.0 3.6 16.3 14:50 SE 7 22.4 27.2 15:20 18.4 00:10 0.0 6.9 0.0 7.9 22.4 14:30 SE 8 19.2 23.1 10:00 15.8 07:00 0.0 3.7 4.2 3.9 30.6 10:40 SSE 9 17.3 22.8 15:50 12.6 05:00 0.0 1.8 0.0 3.4 18.4 16:30 SSE 10 18.4 25.5 16:10 11.8 06:30 0.0 2.9 0.0 4.2 20.4 17:30 SSE 11 17.8 22.0 11:10 15.0 01:10 0.0 2.3 11.7 8.0 22.4 15:40 SE 12 17.0 22.2 15:10 13.7 01:40 0.0 1.5 7.6 3.0 20.4 08:50 SSW 13 17.1 22.3 14:00 12.7 04:50 0.0 1.6 0.9 5.6 26.5 12:50 WNW 14 19.3 25.1 15:00 16.5 02:40 0.0 3.8 1.2 3.6 16.3 14:00 SSE 15 18.6 23.9 15:10 15.1 01:40 0.0 3.1 0.3 3.9 18.4 17:50 SW 16 17.1 21.2 17:00 14.3 03:40 0.0 1.6 5.7 3.4 20.4 12:00 S 17 17.4 21.0 13:50 15.1 03:10 0.0 1.9 8.7 8.8 30.6 00:30 SSE 18 16.7 22.4 15:00 12.2 05:20 0.0 1.2 0.6 7.3 26.5 13:00 SSW 19 16.4 23.7 14:10 10.9 06:30 0.0 0.9 0.6 7.0 34.7 14:00 WSW 20 14.0 21.4 11:00 7.4 06:40 1.5 0.0 0.0 7.5 26.5 15:10 WNW 21 19.3 20.5 14:10 17.0 10:00 0.0 3.8 0.0 7.6 18.4 13:10 WNW 22 15.6 18.4 09:50 14.7 22:50 0.0 0.1 5.1 6.7 22.4 00:50 SE 23 16.8 23.8 14:30 13.5 03:00 0.0 1.3 10.2 6.6 34.7 13:30 WSW 24 15.6 19.3 13:20 12.8 02:40 0.0 0.1 3.0 7.6 40.7 16:20 W 25 15.8 19.6 15:50 12.8 01:40 0.0 0.3 0.3 6.7 26.5 14:00 WNW 26 16.8 20.2 15:50 14.0 23:50 0.0 1.3 9.3 9.7 32.6 15:10 W 27 14.7 19.2 13:40 9.6 02:40 0.8 0.0 0.6 3.3 22.4 18:20 WNW 28 14.8 19.7 14:10 11.2 00:10 0.7 0.0 0.0 3.0 16.3 09:10 W 29 15.6 20.1 13:50 13.1 06:10 0.0 0.1 0.3 11.1 30.6 15:00 W 30 13.3 19.2 15:30 7.1 06:20 2.2 0.0 0.0 5.4 22.4 11:50 NW 31 13.6 21.1 15:30 6.2 06:40 1.9 0.0 0.0 2.6 16.3 14:00 WNW ---------------------------------------------------------------------------------- 17.4 29.9 5 6.2 31 7.1 64.6 70.3 5.3 40.7 24 SW Max >= 30.0: 0 Max <= 0.0: 0 Min <= 0.0: 0 Min <= -18.0: 0 Max Rain: 11.7 on day 11 Days of Rain: 17 (>= 0.2 mm) 10 (>= 1.0 mm) 0 (>= 25.0 mm) Heat Base: 15.5 Cool Base: 15.5 Method: Integration